Last updated on 2023-06-04 02:54:38 CEST.
Flavor | Version | Tinstall | Tcheck | Ttotal | Status | Flags |
---|---|---|---|---|---|---|
r-devel-linux-x86_64-debian-clang | 4.3.0 | 28.25 | 42.52 | 70.77 | OK | |
r-devel-linux-x86_64-debian-gcc | 4.3.0 | 22.53 | 33.88 | 56.41 | OK | |
r-devel-linux-x86_64-fedora-gcc | 4.3.0 | 123.45 | OK | |||
r-devel-windows-x86_64 | 4.3.0 | 52.00 | 227.00 | 279.00 | NOTE | |
r-patched-linux-x86_64 | 4.3.0 | 30.22 | 41.90 | 72.12 | OK | |
r-release-linux-x86_64 | 4.3.0 | 24.40 | 41.09 | 65.49 | OK | |
r-release-macos-arm64 | 4.3.0 | 60.00 | NOTE | |||
r-release-macos-x86_64 | 4.3.0 | 99.00 | NOTE | |||
r-release-windows-x86_64 | 4.3.0 | 74.00 | 254.00 | 328.00 | NOTE | |
r-oldrel-macos-arm64 | 4.3.0 | 48.00 | NOTE | |||
r-oldrel-macos-x86_64 | 4.3.0 | 134.00 | NOTE | |||
r-oldrel-windows-x86_64 | 4.3.0 | 64.00 | 183.00 | 247.00 | NOTE |
Version: 4.3.0
Check: installed package size
Result: NOTE
installed size is 17.1Mb
sub-directories of 1Mb or more:
doc 1.7Mb
libs 15.3Mb
Flavors: r-devel-windows-x86_64, r-release-macos-arm64, r-release-macos-x86_64, r-release-windows-x86_64, r-oldrel-macos-arm64, r-oldrel-macos-x86_64, r-oldrel-windows-x86_64