CRAN Package Check Results for Package VDAP

Last updated on 2021-07-30 02:52:00 CEST.

Flavor Version Tinstall Tcheck Ttotal Status Flags
r-devel-linux-x86_64-debian-clang 2.0.0 NOTE
r-devel-linux-x86_64-debian-gcc 2.0.0 8.88 76.57 85.45 NOTE
r-devel-linux-x86_64-fedora-clang 2.0.0 145.11 NOTE
r-devel-linux-x86_64-fedora-gcc 2.0.0 130.19 NOTE
r-devel-windows-x86_64 2.0.0 24.00 124.00 148.00 NOTE
r-devel-windows-x86_64-gcc10-UCRT 2.0.0 NOTE
r-patched-linux-x86_64 2.0.0 NOTE
r-patched-solaris-x86 2.0.0 198.20 NOTE
r-release-linux-x86_64 2.0.0 11.77 96.24 108.01 NOTE
r-release-macos-arm64 2.0.0 NOTE
r-release-macos-x86_64 2.0.0 NOTE
r-release-windows-ix86+x86_64 2.0.0 31.00 126.00 157.00 NOTE
r-oldrel-macos-x86_64 2.0.0 OK
r-oldrel-windows-ix86+x86_64 2.0.0 29.00 127.00 156.00 OK

Check Details

Version: 2.0.0
Check: LazyData
Result: NOTE
     'LazyData' is specified without a 'data' directory
Flavors: r-devel-linux-x86_64-debian-clang, r-devel-linux-x86_64-debian-gcc, r-devel-linux-x86_64-fedora-clang, r-devel-linux-x86_64-fedora-gcc, r-devel-windows-x86_64, r-devel-windows-x86_64-gcc10-UCRT, r-patched-linux-x86_64, r-patched-solaris-x86, r-release-linux-x86_64, r-release-macos-arm64, r-release-macos-x86_64, r-release-windows-ix86+x86_64