CRAN Package Check Results for Package VariableScreening

Last updated on 2021-09-18 02:52:14 CEST.

Flavor Version Tinstall Tcheck Ttotal Status Flags
r-devel-linux-x86_64-debian-clang 0.2.0 7.50 79.06 86.56 NOTE
r-devel-linux-x86_64-debian-gcc 0.2.0 5.78 58.78 64.56 NOTE
r-devel-linux-x86_64-fedora-clang 0.2.0 110.64 NOTE
r-devel-linux-x86_64-fedora-gcc 0.2.0 102.92 NOTE
r-devel-windows-x86_64 0.2.0 10.00 87.00 97.00 NOTE
r-devel-windows-x86_64-gcc10-UCRT 0.2.0 NOTE
r-patched-linux-x86_64 0.2.0 7.59 75.75 83.34 NOTE
r-patched-solaris-x86 0.2.0 151.60 NOTE
r-release-linux-x86_64 0.2.0 8.91 74.70 83.61 NOTE
r-release-macos-arm64 0.2.0 NOTE
r-release-macos-x86_64 0.2.0 NOTE
r-release-windows-ix86+x86_64 0.2.0 18.00 95.00 113.00 NOTE
r-oldrel-macos-x86_64 0.2.0 OK
r-oldrel-windows-ix86+x86_64 0.2.0 18.00 74.00 92.00 OK

Check Details

Version: 0.2.0
Check: LazyData
Result: NOTE
     'LazyData' is specified without a 'data' directory
Flavors: r-devel-linux-x86_64-debian-clang, r-devel-linux-x86_64-debian-gcc, r-devel-linux-x86_64-fedora-clang, r-devel-linux-x86_64-fedora-gcc, r-devel-windows-x86_64, r-devel-windows-x86_64-gcc10-UCRT, r-patched-linux-x86_64, r-patched-solaris-x86, r-release-linux-x86_64, r-release-macos-arm64, r-release-macos-x86_64, r-release-windows-ix86+x86_64