CRAN Package Check Results for Package VicmapR

Last updated on 2022-06-28 02:53:31 CEST.

Flavor Version Tinstall Tcheck Ttotal Status Flags
r-devel-linux-x86_64-debian-clang 0.1.9 8.61 80.38 88.99 OK
r-devel-linux-x86_64-debian-gcc 0.1.9 6.73 59.01 65.74 OK
r-devel-linux-x86_64-fedora-clang 0.1.9 113.98 NOTE
r-devel-linux-x86_64-fedora-gcc 0.1.9 120.79 NOTE
r-devel-windows-x86_64 0.1.9 29.00 119.00 148.00 OK
r-patched-linux-x86_64 0.1.9 7.69 75.79 83.48 OK
r-release-linux-x86_64 0.1.9 6.20 75.33 81.53 OK
r-release-macos-arm64 0.1.9 37.00 NOTE
r-release-macos-x86_64 0.1.9 50.00 NOTE
r-release-windows-x86_64 0.1.9 29.00 219.00 248.00 OK
r-oldrel-macos-arm64 0.1.9 38.00 NOTE
r-oldrel-macos-x86_64 0.1.9 50.00 NOTE
r-oldrel-windows-ix86+x86_64 0.1.9 20.00 114.00 134.00 OK

Check Details

Version: 0.1.9
Check: dependencies in R code
Result: NOTE
    Namespaces in Imports field not imported from:
     ‘kableExtra’ ‘knitr’ ‘leaflet’ ‘mapview’
     All declared Imports should be used.
Flavors: r-devel-linux-x86_64-fedora-clang, r-devel-linux-x86_64-fedora-gcc, r-release-macos-arm64, r-release-macos-x86_64, r-oldrel-macos-arm64, r-oldrel-macos-x86_64