CRAN Package Check Results for Package WLreg

Last updated on 2022-06-29 02:55:25 CEST.

Flavor Version Tinstall Tcheck Ttotal Status Flags
r-devel-linux-x86_64-debian-clang 1.0.0 9.70 69.93 79.63 NOTE
r-devel-linux-x86_64-debian-gcc 1.0.0 6.05 53.75 59.80 NOTE
r-devel-linux-x86_64-fedora-clang 1.0.0 105.61 NOTE
r-devel-linux-x86_64-fedora-gcc 1.0.0 104.22 NOTE
r-devel-windows-x86_64 1.0.0 18.00 96.00 114.00 NOTE
r-patched-linux-x86_64 1.0.0 9.69 66.78 76.47 NOTE
r-release-linux-x86_64 1.0.0 7.26 67.56 74.82 NOTE
r-release-macos-arm64 1.0.0 33.00 NOTE
r-release-macos-x86_64 1.0.0 43.00 NOTE
r-release-windows-x86_64 1.0.0 15.00 92.00 107.00 NOTE
r-oldrel-macos-arm64 1.0.0 40.00 NOTE
r-oldrel-macos-x86_64 1.0.0 60.00 NOTE
r-oldrel-windows-ix86+x86_64 1.0.0 22.00 114.00 136.00 NOTE

Check Details

Version: 1.0.0
Check: LazyData
Result: NOTE
     'LazyData' is specified without a 'data' directory
Flavors: r-devel-linux-x86_64-debian-clang, r-devel-linux-x86_64-debian-gcc, r-devel-linux-x86_64-fedora-clang, r-devel-linux-x86_64-fedora-gcc, r-devel-windows-x86_64, r-patched-linux-x86_64, r-release-linux-x86_64, r-release-macos-arm64, r-release-macos-x86_64, r-release-windows-x86_64, r-oldrel-macos-arm64, r-oldrel-macos-x86_64, r-oldrel-windows-ix86+x86_64