CRAN Package Check Results for Package WRS2

Last updated on 2021-09-21 02:49:32 CEST.

Flavor Version Tinstall Tcheck Ttotal Status Flags
r-devel-linux-x86_64-debian-clang 1.1-3 13.18 279.25 292.43 OK
r-devel-linux-x86_64-debian-gcc 1.1-3 11.43 189.85 201.28 OK
r-devel-linux-x86_64-fedora-clang 1.1-3 340.93 OK
r-devel-linux-x86_64-fedora-gcc 1.1-3 332.66 OK
r-devel-windows-x86_64 1.1-3 16.00 212.00 228.00 OK
r-devel-windows-x86_64-gcc10-UCRT 1.1-3 ERROR
r-patched-linux-x86_64 1.1-3 13.15 264.17 277.32 OK
r-patched-solaris-x86 1.1-3 394.60 OK
r-release-linux-x86_64 1.1-3 13.59 261.46 275.05 OK
r-release-macos-arm64 1.1-3 OK
r-release-macos-x86_64 1.1-3 OK
r-release-windows-ix86+x86_64 1.1-3 25.00 294.00 319.00 OK
r-oldrel-macos-x86_64 1.1-3 OK
r-oldrel-windows-ix86+x86_64 1.1-3 24.00 307.00 331.00 OK

Check Details

Version: 1.1-3
Check: whether package can be installed
Result: WARN
    Found the following significant warnings:
     WARNING: installation-time patches will not be applied, could not get the patches index
Flavor: r-devel-windows-x86_64-gcc10-UCRT

Version: 1.1-3
Check: PDF version of manual
Result: WARN
    LaTeX errors when creating PDF version.
    This typically indicates Rd problems.
Flavor: r-devel-windows-x86_64-gcc10-UCRT

Version: 1.1-3
Check: PDF version of manual without hyperrefs or index
Result: ERROR
    Re-running with no redirection of stdout/stderr.
Flavor: r-devel-windows-x86_64-gcc10-UCRT