CRAN Package Check Results for Package WoodburyMatrix

Last updated on 2021-09-18 02:52:15 CEST.

Flavor Version Tinstall Tcheck Ttotal Status Flags
r-devel-linux-x86_64-debian-clang 0.0.1 7.51 80.31 87.82 NOTE
r-devel-linux-x86_64-debian-gcc 0.0.1 6.70 62.29 68.99 NOTE
r-devel-linux-x86_64-fedora-clang 0.0.1 115.60 NOTE
r-devel-linux-x86_64-fedora-gcc 0.0.1 104.18 NOTE
r-devel-windows-x86_64 0.0.1 10.00 90.00 100.00 NOTE
r-devel-windows-x86_64-gcc10-UCRT 0.0.1 NOTE
r-patched-linux-x86_64 0.0.1 7.06 77.57 84.63 NOTE
r-patched-solaris-x86 0.0.1 158.70 NOTE
r-release-linux-x86_64 0.0.1 8.72 76.87 85.59 NOTE
r-release-macos-arm64 0.0.1 NOTE
r-release-macos-x86_64 0.0.1 NOTE
r-release-windows-ix86+x86_64 0.0.1 19.00 97.00 116.00 NOTE
r-oldrel-macos-x86_64 0.0.1 OK
r-oldrel-windows-ix86+x86_64 0.0.1 19.00 99.00 118.00 OK

Check Details

Version: 0.0.1
Check: LazyData
Result: NOTE
     'LazyData' is specified without a 'data' directory
Flavors: r-devel-linux-x86_64-debian-clang, r-devel-linux-x86_64-debian-gcc, r-devel-linux-x86_64-fedora-clang, r-devel-linux-x86_64-fedora-gcc, r-devel-windows-x86_64, r-devel-windows-x86_64-gcc10-UCRT, r-patched-linux-x86_64, r-patched-solaris-x86, r-release-linux-x86_64, r-release-macos-arm64, r-release-macos-x86_64, r-release-windows-ix86+x86_64