CRAN Package Check Results for Package XHWE

Last updated on 2022-01-29 02:50:07 CET.

Flavor Version Tinstall Tcheck Ttotal Status Flags
r-devel-linux-x86_64-debian-clang 1.0 2.38 32.59 34.97 NOTE
r-devel-linux-x86_64-debian-gcc 1.0 2.02 25.45 27.47 NOTE
r-devel-linux-x86_64-fedora-clang 1.0 42.87 NOTE
r-devel-linux-x86_64-fedora-gcc 1.0 33.53 NOTE
r-devel-windows-x86_64-new-UL 1.0 14.00 47.00 61.00 NOTE
r-devel-windows-x86_64-new-TK 1.0 NOTE
r-patched-linux-x86_64 1.0 2.73 31.12 33.85 NOTE
r-release-linux-x86_64 1.0 2.56 30.98 33.54 NOTE
r-release-macos-arm64 1.0 NOTE
r-release-macos-x86_64 1.0 NOTE
r-release-windows-ix86+x86_64 1.0 5.00 34.00 39.00 NOTE
r-oldrel-macos-x86_64 1.0 NOTE
r-oldrel-windows-ix86+x86_64 1.0 4.00 34.00 38.00 NOTE

Check Details

Version: 1.0
Check: R code for possible problems
Result: NOTE
    XHWE: no visible global function definition for 'read.table'
    result: no visible global function definition for 'pchisq'
    result: no visible global function definition for 'rbinom'
    result: no visible global function definition for 'rmultinom'
    Undefined global functions or variables:
     pchisq rbinom read.table rmultinom
    Consider adding
     importFrom("stats", "pchisq", "rbinom", "rmultinom")
     importFrom("utils", "read.table")
    to your NAMESPACE file.
Flavors: r-devel-linux-x86_64-debian-clang, r-devel-linux-x86_64-debian-gcc, r-devel-linux-x86_64-fedora-clang, r-devel-linux-x86_64-fedora-gcc, r-devel-windows-x86_64-new-UL, r-devel-windows-x86_64-new-TK, r-patched-linux-x86_64, r-release-linux-x86_64, r-release-macos-arm64, r-release-macos-x86_64, r-release-windows-ix86+x86_64, r-oldrel-macos-x86_64, r-oldrel-windows-ix86+x86_64

Version: 1.0
Check: for non-standard things in the check directory
Result: NOTE
    Found the following files/directories:
     'results.txt'
Flavors: r-devel-linux-x86_64-debian-clang, r-devel-linux-x86_64-debian-gcc, r-devel-linux-x86_64-fedora-clang, r-devel-linux-x86_64-fedora-gcc, r-patched-linux-x86_64, r-release-linux-x86_64