Last updated on 2023-02-09 02:53:03 CET.
Flavor | Version | Tinstall | Tcheck | Ttotal | Status | Flags |
---|---|---|---|---|---|---|
r-devel-linux-x86_64-debian-clang | 1.3.6 | 17.50 | 166.76 | 184.26 | NOTE | |
r-devel-linux-x86_64-debian-gcc | 1.3.6 | 15.38 | 118.16 | 133.54 | NOTE | |
r-devel-linux-x86_64-fedora-clang | 1.3.6 | 223.14 | NOTE | |||
r-devel-linux-x86_64-fedora-gcc | 1.3.6 | 217.70 | NOTE | |||
r-devel-windows-x86_64 | 1.3.6 | 37.00 | 172.00 | 209.00 | NOTE | |
r-patched-linux-x86_64 | 1.3.6 | 16.84 | 151.84 | 168.68 | OK | |
r-release-linux-x86_64 | 1.3.6 | 15.11 | 148.71 | 163.82 | OK | |
r-release-macos-arm64 | 1.3.6 | 54.00 | OK | |||
r-release-macos-x86_64 | 1.3.6 | 96.00 | OK | |||
r-release-windows-x86_64 | 1.3.6 | 36.00 | 191.00 | 227.00 | OK | |
r-oldrel-macos-arm64 | 1.3.6 | 56.00 | OK | |||
r-oldrel-macos-x86_64 | 1.3.6 | 111.00 | OK | |||
r-oldrel-windows-ix86+x86_64 | 1.3.6 | 40.00 | 173.00 | 213.00 | OK |
Version: 1.3.6
Check: Rd files
Result: NOTE
checkRd: (-1) ALF.Rd:47: Escaped LaTeX specials: \&
Flavors: r-devel-linux-x86_64-debian-clang, r-devel-linux-x86_64-debian-gcc, r-devel-linux-x86_64-fedora-clang, r-devel-linux-x86_64-fedora-gcc, r-devel-windows-x86_64