CRAN Package Check Results for Package actuar

Last updated on 2021-11-27 02:49:09 CET.

Flavor Version Tinstall Tcheck Ttotal Status Flags
r-devel-linux-x86_64-debian-clang 3.2-0 18.15 152.23 170.38 OK
r-devel-linux-x86_64-debian-gcc 3.2-0 15.26 110.76 126.02 OK
r-devel-linux-x86_64-fedora-clang 3.2-0 239.76 OK
r-devel-linux-x86_64-fedora-gcc 3.2-0 231.50 OK
r-devel-windows-x86_64-new-UL 3.2-0 78.00 407.00 485.00 OK
r-devel-windows-x86_64-new-TK 3.2-0 OK
r-devel-windows-x86_64-old 3.2-0 39.00 237.00 276.00 OK
r-patched-linux-x86_64 3.2-0 22.38 151.45 173.83 OK
r-patched-solaris-x86 3.2-0 295.90 OK
r-release-linux-x86_64 3.2-0 OK
r-release-macos-arm64 3.2-0 OK
r-release-macos-x86_64 3.2-0 OK
r-release-windows-ix86+x86_64 3.2-0 77.00 245.00 322.00 OK
r-oldrel-macos-x86_64 3.1-2 OK
r-oldrel-windows-ix86+x86_64 3.1-3 18.00 8.00 26.00 ERROR

Check Details

Version: 3.1-3
Check: whether package can be installed
Result: ERROR
    Installation failed.
Flavor: r-oldrel-windows-ix86+x86_64