Last updated on 2023-06-07 02:59:08 CEST.
Flavor | Version | Tinstall | Tcheck | Ttotal | Status | Flags |
---|---|---|---|---|---|---|
r-devel-linux-x86_64-debian-clang | 5.0 | 21.06 | 165.11 | 186.17 | OK | |
r-devel-linux-x86_64-debian-gcc | 5.0 | 15.41 | 122.05 | 137.46 | OK | |
r-devel-linux-x86_64-fedora-clang | 5.0 | 233.75 | OK | |||
r-devel-linux-x86_64-fedora-gcc | 5.0 | 210.63 | OK | |||
r-devel-windows-x86_64 | 5.0 | 17.00 | 131.00 | 148.00 | OK | |
r-patched-linux-x86_64 | 5.0 | 14.58 | 154.31 | 168.89 | OK | |
r-release-linux-x86_64 | 5.0 | 13.30 | 151.65 | 164.95 | OK | |
r-release-macos-arm64 | 5.0 | 59.00 | OK | |||
r-release-macos-x86_64 | 4.2 | 100.00 | OK | |||
r-release-windows-x86_64 | 5.0 | 23.00 | 162.00 | 185.00 | OK | |
r-oldrel-macos-arm64 | 5.0 | 68.00 | OK | |||
r-oldrel-macos-x86_64 | 5.0 | 89.00 | OK | |||
r-oldrel-windows-x86_64 | 5.0 | 23.00 | 169.00 | 192.00 | NOTE |
Version: 5.0
Check: HTML version of manual
Result: NOTE
Found the following problems:
errorevol_ranking_vector_IW.Rd:68:38: Warning: nested emphasis <code>
Flavor: r-oldrel-windows-x86_64