CRAN Package Check Results for Package adehabitatMA

Last updated on 2021-09-22 02:49:02 CEST.

Flavor Version Tinstall Tcheck Ttotal Status Flags
r-devel-linux-x86_64-debian-clang 0.3.14 9.70 61.44 71.14 OK
r-devel-linux-x86_64-debian-gcc 0.3.14 5.15 47.34 52.49 OK
r-devel-linux-x86_64-fedora-clang 0.3.14 92.07 NOTE
r-devel-linux-x86_64-fedora-gcc 0.3.14 79.70 NOTE
r-devel-windows-x86_64 0.3.14 14.00 61.00 75.00 OK
r-devel-windows-x86_64-gcc10-UCRT 0.3.14 ERROR
r-patched-linux-x86_64 0.3.14 8.32 59.58 67.90 OK
r-patched-solaris-x86 0.3.14 122.00 NOTE
r-release-linux-x86_64 0.3.14 8.08 59.33 67.41 OK
r-release-macos-arm64 0.3.14 NOTE
r-release-macos-x86_64 0.3.14 NOTE
r-release-windows-ix86+x86_64 0.3.14 21.00 104.00 125.00 OK
r-oldrel-macos-x86_64 0.3.14 NOTE
r-oldrel-windows-ix86+x86_64 0.3.14 21.00 112.00 133.00 OK

Check Details

Version: 0.3.14
Check: dependencies in R code
Result: NOTE
    Namespace in Imports field not imported from: ‘filehash’
     All declared Imports should be used.
Flavors: r-devel-linux-x86_64-fedora-clang, r-devel-linux-x86_64-fedora-gcc, r-patched-solaris-x86, r-release-macos-arm64, r-release-macos-x86_64, r-oldrel-macos-x86_64

Version: 0.3.14
Check: whether package can be installed
Result: ERROR
    Installation failed.
Flavor: r-devel-windows-x86_64-gcc10-UCRT