Last updated on 2022-05-23 02:53:31 CEST.
Flavor | Version | Tinstall | Tcheck | Ttotal | Status | Flags |
---|---|---|---|---|---|---|
r-devel-linux-x86_64-debian-clang | 1.15 | 12.04 | 90.85 | 102.89 | OK | |
r-devel-linux-x86_64-debian-gcc | 1.15 | 7.81 | 68.25 | 76.06 | OK | |
r-devel-linux-x86_64-fedora-clang | 1.15 | 127.26 | NOTE | |||
r-devel-linux-x86_64-fedora-gcc | 1.15 | 117.14 | NOTE | |||
r-devel-windows-x86_64 | 1.15 | 23.00 | 103.00 | 126.00 | OK | |
r-patched-linux-x86_64 | 1.15 | 11.83 | 84.09 | 95.92 | OK | |
r-release-linux-x86_64 | 1.15 | 8.28 | 85.64 | 93.92 | OK | |
r-release-macos-arm64 | 1.15 | 40.00 | OK | |||
r-release-macos-x86_64 | 1.15 | 54.00 | OK | |||
r-release-windows-x86_64 | 1.15 | 27.00 | 107.00 | 134.00 | OK | |
r-oldrel-macos-arm64 | 1.15 | 34.00 | OK | |||
r-oldrel-macos-x86_64 | 1.15 | 54.00 | OK | |||
r-oldrel-windows-ix86+x86_64 | 1.15 | 24.00 | 129.00 | 153.00 | OK |
Version: 1.15
Check: compiled code
Result: NOTE
File ‘ahaz/libs/ahaz.so’:
Found no calls to: ‘R_registerRoutines’, ‘R_useDynamicSymbols’
It is good practice to register native routines and to disable symbol
search.
See ‘Writing portable packages’ in the ‘Writing R Extensions’ manual.
Flavors: r-devel-linux-x86_64-fedora-clang, r-devel-linux-x86_64-fedora-gcc