CRAN Package Check Results for Package aiRly

Last updated on 2021-07-24 02:48:24 CEST.

Flavor Version Tinstall Tcheck Ttotal Status Flags
r-devel-linux-x86_64-debian-clang 0.1.0 3.00 37.26 40.26 NOTE
r-devel-linux-x86_64-debian-gcc 0.1.0 2.93 28.51 31.44 NOTE
r-devel-linux-x86_64-fedora-clang 0.1.0 58.04 NOTE
r-devel-linux-x86_64-fedora-gcc 0.1.0 46.53 NOTE
r-devel-windows-x86_64 0.1.0 5.00 43.00 48.00 NOTE
r-devel-windows-x86_64-gcc10-UCRT 0.1.0 NOTE
r-patched-linux-x86_64 0.1.0 4.06 35.04 39.10 NOTE
r-patched-solaris-x86 0.1.0 71.70 NOTE
r-release-linux-x86_64 0.1.0 3.12 35.32 38.44 NOTE
r-release-macos-arm64 0.1.0 NOTE
r-release-macos-x86_64 0.1.0 NOTE
r-release-windows-ix86+x86_64 0.1.0 9.00 39.00 48.00 NOTE
r-oldrel-macos-x86_64 0.1.0 OK
r-oldrel-windows-ix86+x86_64 0.1.0 9.00 55.00 64.00 OK

Check Details

Version: 0.1.0
Check: LazyData
Result: NOTE
     'LazyData' is specified without a 'data' directory
Flavors: r-devel-linux-x86_64-debian-clang, r-devel-linux-x86_64-debian-gcc, r-devel-linux-x86_64-fedora-clang, r-devel-linux-x86_64-fedora-gcc, r-devel-windows-x86_64, r-devel-windows-x86_64-gcc10-UCRT, r-patched-linux-x86_64, r-patched-solaris-x86, r-release-linux-x86_64, r-release-macos-arm64, r-release-macos-x86_64, r-release-windows-ix86+x86_64