CRAN Package Check Results for Package ajv

Last updated on 2021-07-24 02:48:24 CEST.

Flavor Version Tinstall Tcheck Ttotal Status Flags
r-devel-linux-x86_64-debian-clang 1.0.0 2.76 31.74 34.50 NOTE
r-devel-linux-x86_64-debian-gcc 1.0.0 2.19 25.00 27.19 NOTE
r-devel-linux-x86_64-fedora-clang 1.0.0 51.95 NOTE
r-devel-linux-x86_64-fedora-gcc 1.0.0 41.47 NOTE
r-devel-windows-x86_64 1.0.0 5.00 46.00 51.00 NOTE
r-devel-windows-x86_64-gcc10-UCRT 1.0.0 NOTE
r-patched-linux-x86_64 1.0.0 3.04 30.78 33.82 NOTE
r-patched-solaris-x86 1.0.0 62.60 NOTE
r-release-linux-x86_64 1.0.0 2.82 30.87 33.69 NOTE
r-release-macos-arm64 1.0.0 NOTE
r-release-macos-x86_64 1.0.0 NOTE
r-release-windows-ix86+x86_64 1.0.0 10.00 47.00 57.00 NOTE
r-oldrel-macos-x86_64 1.0.0 OK
r-oldrel-windows-ix86+x86_64 1.0.0 27.00 63.00 90.00 OK

Check Details

Version: 1.0.0
Check: LazyData
Result: NOTE
     'LazyData' is specified without a 'data' directory
Flavors: r-devel-linux-x86_64-debian-clang, r-devel-linux-x86_64-debian-gcc, r-devel-linux-x86_64-fedora-clang, r-devel-linux-x86_64-fedora-gcc, r-devel-windows-x86_64, r-devel-windows-x86_64-gcc10-UCRT, r-patched-linux-x86_64, r-patched-solaris-x86, r-release-linux-x86_64, r-release-macos-arm64, r-release-macos-x86_64, r-release-windows-ix86+x86_64