CRAN Package Check Results for Package allestimates

Last updated on 2021-07-28 02:48:52 CEST.

Flavor Version Tinstall Tcheck Ttotal Status Flags
r-devel-linux-x86_64-debian-clang 0.2.1 9.95 177.76 187.71 OK
r-devel-linux-x86_64-debian-gcc 0.2.1 8.31 131.53 139.84 OK
r-devel-linux-x86_64-fedora-clang 0.2.1 224.79 OK
r-devel-linux-x86_64-fedora-gcc 0.2.1 211.27 OK
r-devel-windows-x86_64 0.2.1 15.00 209.00 224.00 OK
r-devel-windows-x86_64-gcc10-UCRT 0.2.1 OK
r-patched-linux-x86_64 0.2.1 9.27 163.05 172.32 OK
r-patched-solaris-x86 0.2.1 294.30 OK
r-release-linux-x86_64 0.2.1 9.15 166.99 176.14 OK
r-release-macos-arm64 0.2.1 WARN
r-release-macos-x86_64 0.2.1 OK
r-release-windows-ix86+x86_64 0.2.1 24.00 153.00 177.00 OK
r-oldrel-macos-x86_64 0.2.1 OK
r-oldrel-windows-ix86+x86_64 0.2.1 30.00 219.00 249.00 OK

Check Details

Version: 0.2.1
Check: re-building of vignette outputs
Result: WARN
    Error(s) in re-building vignettes:
     ...
    --- re-building ‘allestimates-vignette.Rmd’ using rmarkdown
    Warning in engine$weave(file, quiet = quiet, encoding = enc) :
     Pandoc (>= 1.12.3) not available. Falling back to R Markdown v1.
    Quitting from lines 53-54 (allestimates-vignette.Rmd)
    Error: processing vignette 'allestimates-vignette.Rmd' failed with diagnostics:
    polygon edge not found
    --- failed re-building ‘allestimates-vignette.Rmd’
    
    SUMMARY: processing the following file failed:
     ‘allestimates-vignette.Rmd’
    
    Error: Vignette re-building failed.
    Execution halted
Flavor: r-release-macos-arm64