CRAN Package Check Results for Package aml

Last updated on 2021-12-03 02:48:46 CET.

Flavor Version Tinstall Tcheck Ttotal Status Flags
r-devel-linux-x86_64-debian-clang 0.1-1 2.77 45.98 48.75 NOTE
r-devel-linux-x86_64-debian-gcc 0.1-1 1.70 36.53 38.23 NOTE
r-devel-linux-x86_64-fedora-clang 0.1-1 69.34 NOTE
r-devel-linux-x86_64-fedora-gcc 0.1-1 60.03 NOTE
r-devel-windows-x86_64-new-UL 0.1-1 6.00 87.00 93.00 NOTE
r-devel-windows-x86_64-new-TK 0.1-1 NOTE
r-devel-windows-x86_64-old 0.1-1 4.00 56.00 60.00 NOTE
r-patched-linux-x86_64 0.1-1 2.50 43.80 46.30 NOTE
r-patched-solaris-x86 0.1-1 96.30 NOTE
r-release-linux-x86_64 0.1-1 2.50 44.88 47.38 NOTE
r-release-macos-arm64 0.1-1 NOTE
r-release-macos-x86_64 0.1-1 NOTE
r-release-windows-ix86+x86_64 0.1-1 5.00 71.00 76.00 NOTE
r-oldrel-macos-x86_64 0.1-1 NOTE
r-oldrel-windows-ix86+x86_64 0.1-1 5.00 67.00 72.00 NOTE

Check Details

Version: 0.1-1
Check: R code for possible problems
Result: NOTE
    amltest: no visible global function definition for 'var'
    amltest: no visible global function definition for 'optim'
    amltest: no visible global function definition for 'lm'
    cleanclust: no visible global function definition for 'cor'
    cleanclust: no visible global function definition for 'hclust'
    cleanclust: no visible global function definition for 'as.dist'
    cleanclust: no visible global function definition for 'cutree'
    Undefined global functions or variables:
     as.dist cor cutree hclust lm optim var
    Consider adding
     importFrom("stats", "as.dist", "cor", "cutree", "hclust", "lm",
     "optim", "var")
    to your NAMESPACE file.
Flavors: r-devel-linux-x86_64-debian-clang, r-devel-linux-x86_64-debian-gcc, r-devel-linux-x86_64-fedora-clang, r-devel-linux-x86_64-fedora-gcc, r-devel-windows-x86_64-new-UL, r-devel-windows-x86_64-new-TK, r-devel-windows-x86_64-old, r-patched-linux-x86_64, r-patched-solaris-x86, r-release-linux-x86_64, r-release-macos-arm64, r-release-macos-x86_64, r-release-windows-ix86+x86_64, r-oldrel-macos-x86_64, r-oldrel-windows-ix86+x86_64