CRAN Package Check Results for Package ammistability

Last updated on 2022-01-29 02:49:40 CET.

Flavor Version Tinstall Tcheck Ttotal Status Flags
r-devel-linux-x86_64-debian-clang 0.1.2 8.92 113.79 122.71 OK
r-devel-linux-x86_64-debian-gcc 0.1.2 7.73 85.25 92.98 OK
r-devel-linux-x86_64-fedora-clang 0.1.2 138.08 NOTE
r-devel-linux-x86_64-fedora-gcc 0.1.2 130.05 NOTE
r-devel-windows-x86_64-new-UL 0.1.2 89.00 173.00 262.00 OK
r-devel-windows-x86_64-new-TK 0.1.2 NOTE
r-patched-linux-x86_64 0.1.2 8.89 102.02 110.91 OK
r-release-linux-x86_64 0.1.2 7.33 99.95 107.28 OK
r-release-macos-arm64 0.1.2 NOTE
r-release-macos-x86_64 0.1.2 NOTE
r-release-windows-ix86+x86_64 0.1.2 20.00 134.00 154.00 OK
r-oldrel-macos-x86_64 0.1.2 NOTE
r-oldrel-windows-ix86+x86_64 0.1.2 21.00 136.00 157.00 OK

Check Details

Version: 0.1.2
Check: dependencies in R code
Result: NOTE
    Namespace in Imports field not imported from: ‘mathjaxr’
     All declared Imports should be used.
Flavors: r-devel-linux-x86_64-fedora-clang, r-devel-linux-x86_64-fedora-gcc, r-devel-windows-x86_64-new-TK, r-release-macos-arm64, r-release-macos-x86_64, r-oldrel-macos-x86_64