CRAN Package Check Results for Package amt

Last updated on 2021-08-01 02:52:41 CEST.

Flavor Version Tinstall Tcheck Ttotal Status Flags
r-devel-linux-x86_64-debian-clang 0.1.4 70.91 337.22 408.13 OK
r-devel-linux-x86_64-debian-gcc 0.1.4 50.49 251.43 301.92 OK
r-devel-linux-x86_64-fedora-clang 0.1.4 501.35 OK
r-devel-linux-x86_64-fedora-gcc 0.1.4 523.21 OK
r-devel-windows-x86_64 0.1.4 86.00 431.00 517.00 OK
r-devel-windows-x86_64-gcc10-UCRT 0.1.4 OK
r-patched-linux-x86_64 0.1.4 OK
r-patched-solaris-x86 0.1.4 594.90 OK
r-release-linux-x86_64 0.1.4 57.30 319.60 376.90 OK
r-release-macos-arm64 0.1.4 WARN
r-release-macos-x86_64 0.1.4 OK
r-release-windows-ix86+x86_64 0.1.4 159.00 594.00 753.00 OK
r-oldrel-macos-x86_64 0.1.4 OK
r-oldrel-windows-ix86+x86_64 0.1.4 120.00 638.00 758.00 ERROR

Check Details

Version: 0.1.4
Check: re-building of vignette outputs
Result: WARN
    Error(s) in re-building vignettes:
    --- re-building ‘p1_getting_started.Rmd’ using rmarkdown
    Warning in engine$weave(file, quiet = quiet, encoding = enc) :
     Pandoc (>= 1.12.3) not available. Falling back to R Markdown v1.
    
    Attaching package: 'dplyr'
    
    The following objects are masked from 'package:stats':
    
     filter, lag
    
    The following objects are masked from 'package:base':
    
     intersect, setdiff, setequal, union
    
    
    Attaching package: 'amt'
    
    The following object is masked from 'package:stats':
    
     filter
    
    .t missing, creating `track_xy`.
    Quitting from lines 257-259 (p1_getting_started.Rmd)
    Error: processing vignette 'p1_getting_started.Rmd' failed with diagnostics:
    polygon edge not found
    --- failed re-building ‘p1_getting_started.Rmd’
    
    --- re-building ‘p2_hr.Rmd’ using rmarkdown
    Warning in engine$weave(file, quiet = quiet, encoding = enc) :
     Pandoc (>= 1.12.3) not available. Falling back to R Markdown v1.
    
    Attaching package: 'amt'
    
    The following object is masked from 'package:stats':
    
     filter
    
    
    Attaching package: 'tidygraph'
    
    The following object is masked from 'package:stats':
    
     filter
    
    Warning in CPL_crs_from_input(x) :
     GDAL Message 1: +init=epsg:XXXX syntax is deprecated. It might return a CRS with a non-EPSG compliant axis order.
    Warning in showSRID(uprojargs, format = "PROJ", multiline = "NO", prefer_proj = prefer_proj) :
     Discarded datum North_American_Datum_1983 in Proj4 definition,
     but +towgs84= values preserved
    Warning in showSRID(uprojargs, format = "PROJ", multiline = "NO", prefer_proj = prefer_proj) :
     Discarded datum North_American_Datum_1983 in Proj4 definition,
     but +towgs84= values preserved
    Warning in showSRID(uprojargs, format = "PROJ", multiline = "NO", prefer_proj = prefer_proj) :
     Discarded datum North_American_Datum_1983 in Proj4 definition,
     but +towgs84= values preserved
    Warning in showSRID(uprojargs, format = "PROJ", multiline = "NO", prefer_proj = prefer_proj) :
     Discarded datum North_American_Datum_1983 in Proj4 definition,
     but +towgs84= values preserved
    labels coerced to character.
    .t missing, creating `track_xy`.
    labels coerced to character.
    Warning in grid.Call(C_stringMetric, as.graphicsAnnot(x$label)) :
     no font could be found for family "Arial"
    Warning in grid.Call(C_stringMetric, as.graphicsAnnot(x$label)) :
     no font could be found for family "Arial"
    Warning in grid.Call(C_stringMetric, as.graphicsAnnot(x$label)) :
     no font could be found for family "Arial"
    Warning in grid.Call(C_stringMetric, as.graphicsAnnot(x$label)) :
     no font could be found for family "Arial"
    Warning in grid.Call(C_stringMetric, as.graphicsAnnot(x$label)) :
     no font could be found for family "Arial"
    Warning in grid.Call(C_stringMetric, as.graphicsAnnot(x$label)) :
     no font could be found for family "Arial"
    Warning in grid.Call(C_stringMetric, as.graphicsAnnot(x$label)) :
     no font could be found for family "Arial"
    Warning in grid.Call(C_stringMetric, as.graphicsAnnot(x$label)) :
     no font could be found for family "Arial"
    Warning in grid.Call(C_stringMetric, as.graphicsAnnot(x$label)) :
     no font could be found for family "Arial"
    Warning in grid.Call(C_stringMetric, as.graphicsAnnot(x$label)) :
     no font could be found for family "Arial"
    Warning in grid.Call(C_stringMetric, as.graphicsAnnot(x$label)) :
     no font could be found for family "Arial"
    Warning in grid.Call(C_stringMetric, as.graphicsAnnot(x$label)) :
     no font could be found for family "Arial"
    Warning in grid.Call(C_stringMetric, as.graphicsAnnot(x$label)) :
     no font could be found for family "Arial"
    Warning in grid.Call(C_stringMetric, as.graphicsAnnot(x$label)) :
     no font could be found for family "Arial"
    Warning in grid.Call(C_textBounds, as.graphicsAnnot(x$label), x$x, x$y, :
     no font could be found for family "Arial"
    Quitting from lines 165-181 (p2_hr.Rmd)
    Error: processing vignette 'p2_hr.Rmd' failed with diagnostics:
    polygon edge not found
    --- failed re-building ‘p2_hr.Rmd’
    
    --- re-building ‘p3_rsf.Rmd’ using rmarkdown
    Warning in engine$weave(file, quiet = quiet, encoding = enc) :
     Pandoc (>= 1.12.3) not available. Falling back to R Markdown v1.
    
    Attaching package: 'amt'
    
    The following object is masked from 'package:stats':
    
     filter
    
    Warning in CPL_crs_from_input(x) :
     GDAL Message 1: +init=epsg:XXXX syntax is deprecated. It might return a CRS with a non-EPSG compliant axis order.
    Warning in axis(side = side, at = at, labels = labels, ...) :
     no font could be found for family "Arial"
    Warning in axis(side = side, at = at, labels = labels, ...) :
     no font could be found for family "Arial"
    Warning in axis(side = side, at = at, labels = labels, ...) :
     no font could be found for family "Arial"
    Warning in axis(side = side, at = at, labels = labels, ...) :
     no font could be found for family "Arial"
    Warning in axis(side = side, at = at, labels = labels, ...) :
     no font could be found for family "Arial"
    Warning in axis(side = side, at = at, labels = labels, ...) :
     no font could be found for family "Arial"
    Warning in axis(side = side, at = at, labels = labels, ...) :
     no font could be found for family "Arial"
    Warning in axis(side = side, at = at, labels = labels, ...) :
     no font could be found for family "Arial"
    Warning in axis(side = side, at = at, labels = labels, ...) :
     no font could be found for family "Arial"
    Warning in axis(side = side, at = at, labels = labels, ...) :
     no font could be found for family "Arial"
    Warning in axis(side = side, at = at, labels = labels, ...) :
     no font could be found for family "Arial"
    Warning in axis(side = side, at = at, labels = labels, ...) :
     no font could be found for family "Arial"
    Warning in axis(side = side, at = at, labels = labels, ...) :
     no font could be found for family "Arial"
    Warning in axis(side = side, at = at, labels = labels, ...) :
     no font could be found for family "Arial"
    Warning in axis(side = side, at = at, labels = labels, ...) :
     no font could be found for family "Arial"
    Warning in axis(side = side, at = at, labels = labels, ...) :
     no font could be found for family "Arial"
    Warning in axis(side = side, at = at, labels = labels, ...) :
     no font could be found for family "Arial"
    Warning in title(...) : no font could be found for family "Arial"
    Warning in title(...) : no font could be found for family "Arial"
    Warning in title(...) : no font could be found for family "Arial"
    Warning in title(...) : no font could be found for family "Arial"
    Warning in strwidth(legend, units = "user", cex = cex, font = text.font) :
     no font could be found for family "Arial"
    Warning in strwidth(legend, units = "user", cex = cex, font = text.font) :
     no font could be found for family "Arial"
    Warning in doTryCatch(return(expr), name, parentenv, handler) :
     no font could be found for family "Arial"
    Warning in doTryCatch(return(expr), name, parentenv, handler) :
     no font could be found for family "Arial"
    Warning in doTryCatch(return(expr), name, parentenv, handler) :
     no font could be found for family "Arial"
    Warning in doTryCatch(return(expr), name, parentenv, handler) :
     no font could be found for family "Arial"
    Warning in doTryCatch(return(expr), name, parentenv, handler) :
     no font could be found for family "Arial"
    Warning in doTryCatch(return(expr), name, parentenv, handler) :
     no font could be found for family "Arial"
    Warning in doTryCatch(return(expr), name, parentenv, handler) :
     no font could be found for family "Arial"
    Warning in doTryCatch(return(expr), name, parentenv, handler) :
     no font could be found for family "Arial"
    Warning in doTryCatch(return(expr), name, parentenv, handler) :
     no font could be found for family "Arial"
    Warning in doTryCatch(return(expr), name, parentenv, handler) :
     no font could be found for family "Arial"
    Warning in doTryCatch(return(expr), name, parentenv, handler) :
     no font could be found for family "Arial"
    Warning in doTryCatch(return(expr), name, parentenv, handler) :
     no font could be found for family "Arial"
    Warning in doTryCatch(return(expr), name, parentenv, handler) :
     no font could be found for family "Arial"
    Warning in doTryCatch(return(expr), name, parentenv, handler) :
     no font could be found for family "Arial"
    Warning in doTryCatch(return(expr), name, parentenv, handler) :
     no font could be found for family "Arial"
    Warning in doTryCatch(return(expr), name, parentenv, handler) :
     no font could be found for family "Arial"
    Warning in doTryCatch(return(expr), name, parentenv, handler) :
     no font could be found for family "Arial"
    Warning in doTryCatch(return(expr), name, parentenv, handler) :
     no font could be found for family "Arial"
    Warning in doTryCatch(return(expr), name, parentenv, handler) :
     no font could be found for family "Arial"
    Warning in doTryCatch(return(expr), name, parentenv, handler) :
     no font could be found for family "Arial"
    Warning in doTryCatch(return(expr), name, parentenv, handler) :
     no font could be found for family "Arial"
    Warning in doTryCatch(return(expr), name, parentenv, handler) :
     no font could be found for family "Arial"
    Warning in doTryCatch(return(expr), name, parentenv, handler) :
     no font could be found for family "Arial"
    Warning in axis(side = side, at = at, labels = labels, ...) :
     no font could be found for family "Arial"
    Warning in axis(side = side, at = at, labels = labels, ...) :
     no font could be found for family "Arial"
    Warning in axis(side = side, at = at, labels = labels, ...) :
     no font could be found for family "Arial"
    Warning in axis(side = side, at = at, labels = labels, ...) :
     no font could be found for family "Arial"
    Warning in axis(side = side, at = at, labels = labels, ...) :
     no font could be found for family "Arial"
    Warning in axis(side = side, at = at, labels = labels, ...) :
     no font could be found for family "Arial"
    Warning in axis(side = side, at = at, labels = labels, ...) :
     no font could be found for family "Arial"
    Warning in axis(side = side, at = at, labels = labels, ...) :
     no font could be found for family "Arial"
    Warning in axis(side = side, at = at, labels = labels, ...) :
     no font could be found for family "Arial"
    Warning in axis(side = side, at = at, labels = labels, ...) :
     no font could be found for family "Arial"
    Warning in axis(side = side, at = at, labels = labels, ...) :
     no font could be found for family "Arial"
    Warning in axis(side = side, at = at, labels = labels, ...) :
     no font could be found for family "Arial"
    Warning in axis(side = side, at = at, labels = labels, ...) :
     no font could be found for family "Arial"
    Warning in axis(side = side, at = at, labels = labels, ...) :
     no font could be found for family "Arial"
    Warning in axis(side = side, at = at, labels = labels, ...) :
     no font could be found for family "Arial"
    Warning in axis(side = side, at = at, labels = labels, ...) :
     no font could be found for family "Arial"
    Warning in axis(side = side, at = at, labels = labels, ...) :
     no font could be found for family "Arial"
    Warning in title(...) : no font could be found for family "Arial"
    Warning in title(...) : no font could be found for family "Arial"
    Warning in title(...) : no font could be found for family "Arial"
    Warning in title(...) : no font could be found for family "Arial"
    Warning in strwidth(legend, units = "user", cex = cex, font = text.font) :
     no font could be found for family "Arial"
    Warning in strwidth(legend, units = "user", cex = cex, font = text.font) :
     no font could be found for family "Arial"
    Warning in doTryCatch(return(expr), name, parentenv, handler) :
     no font could be found for family "Arial"
    Warning in doTryCatch(return(expr), name, parentenv, handler) :
     no font could be found for family "Arial"
    Warning in doTryCatch(return(expr), name, parentenv, handler) :
     no font could be found for family "Arial"
    Warning in doTryCatch(return(expr), name, parentenv, handler) :
     no font could be found for family "Arial"
    Warning in doTryCatch(return(expr), name, parentenv, handler) :
     no font could be found for family "Arial"
    Warning in doTryCatch(return(expr), name, parentenv, handler) :
     no font could be found for family "Arial"
    Warning in doTryCatch(return(expr), name, parentenv, handler) :
     no font could be found for family "Arial"
    Warning in doTryCatch(return(expr), name, parentenv, handler) :
     no font could be found for family "Arial"
    Warning in doTryCatch(return(expr), name, parentenv, handler) :
     no font could be found for family "Arial"
    Warning in doTryCatch(return(expr), name, parentenv, handler) :
     no font could be found for family "Arial"
    Warning in doTryCatch(return(expr), name, parentenv, handler) :
     no font could be found for family "Arial"
    Warning in doTryCatch(return(expr), name, parentenv, handler) :
     no font could be found for family "Arial"
    Warning in doTryCatch(return(expr), name, parentenv, handler) :
     no font could be found for family "Arial"
    Warning in doTryCatch(return(expr), name, parentenv, handler) :
     no font could be found for family "Arial"
    Warning in doTryCatch(return(expr), name, parentenv, handler) :
     no font could be found for family "Arial"
    Warning in doTryCatch(return(expr), name, parentenv, handler) :
     no font could be found for family "Arial"
    Warning in doTryCatch(return(expr), name, parentenv, handler) :
     no font could be found for family "Arial"
    Warning in doTryCatch(return(expr), name, parentenv, handler) :
     no font could be found for family "Arial"
    Warning in doTryCatch(return(expr), name, parentenv, handler) :
     no font could be found for family "Arial"
    Warning in doTryCatch(return(expr), name, parentenv, handler) :
     no font could be found for family "Arial"
    Warning in doTryCatch(return(expr), name, parentenv, handler) :
     no font could be found for family "Arial"
    Warning in doTryCatch(return(expr), name, parentenv, handler) :
     no font could be found for family "Arial"
    Warning in doTryCatch(return(expr), name, parentenv, handler) :
     no font could be found for family "Arial"
    Warning in axis(side = side, at = at, labels = labels, ...) :
     no font could be found for family "Arial"
    Warning in axis(side = side, at = at, labels = labels, ...) :
     no font could be found for family "Arial"
    Warning in axis(side = side, at = at, labels = labels, ...) :
     no font could be found for family "Arial"
    Warning in axis(side = side, at = at, labels = labels, ...) :
     no font could be found for family "Arial"
    Warning in axis(side = side, at = at, labels = labels, ...) :
     no font could be found for family "Arial"
    Warning in axis(side = side, at = at, labels = labels, ...) :
     no font could be found for family "Arial"
    Warning in axis(side = side, at = at, labels = labels, ...) :
     no font could be found for family "Arial"
    Warning in axis(side = side, at = at, labels = labels, ...) :
     no font could be found for family "Arial"
    Warning in axis(side = side, at = at, labels = labels, ...) :
     no font could be found for family "Arial"
    Warning in axis(side = side, at = at, labels = labels, ...) :
     no font could be found for family "Arial"
    Warning in axis(side = side, at = at, labels = labels, ...) :
     no font could be found for family "Arial"
    Warning in axis(side = side, at = at, labels = labels, ...) :
     no font could be found for family "Arial"
    Warning in axis(side = side, at = at, labels = labels, ...) :
     no font could be found for family "Arial"
    Warning in axis(side = side, at = at, labels = labels, ...) :
     no font could be found for family "Arial"
    Warning in axis(side = side, at = at, labels = labels, ...) :
     no font could be found for family "Arial"
    Warning in axis(side = side, at = at, labels = labels, ...) :
     no font could be found for family "Arial"
    Warning in axis(side = side, at = at, labels = labels, ...) :
     no font could be found for family "Arial"
    Warning in title(...) : no font could be found for family "Arial"
    Warning in title(...) : no font could be found for family "Arial"
    Warning in title(...) : no font could be found for family "Arial"
    Warning in title(...) : no font could be found for family "Arial"
    Warning in strwidth(legend, units = "user", cex = cex, font = text.font) :
     no font could be found for family "Arial"
    Warning in strwidth(legend, units = "user", cex = cex, font = text.font) :
     no font could be found for family "Arial"
    Warning in doTryCatch(return(expr), name, parentenv, handler) :
     no font could be found for family "Arial"
    Warning in doTryCatch(return(expr), name, parentenv, handler) :
     no font could be found for family "Arial"
    Warning in doTryCatch(return(expr), name, parentenv, handler) :
     no font could be found for family "Arial"
    Warning in doTryCatch(return(expr), name, parentenv, handler) :
     no font could be found for family "Arial"
    Warning in doTryCatch(return(expr), name, parentenv, handler) :
     no font could be found for family "Arial"
    Warning in doTryCatch(return(expr), name, parentenv, handler) :
     no font could be found for family "Arial"
    Warning in doTryCatch(return(expr), name, parentenv, handler) :
     no font could be found for family "Arial"
    Warning in doTryCatch(return(expr), name, parentenv, handler) :
     no font could be found for family "Arial"
    Warning in doTryCatch(return(expr), name, parentenv, handler) :
     no font could be found for family "Arial"
    Warning in doTryCatch(return(expr), name, parentenv, handler) :
     no font could be found for family "Arial"
    Warning in doTryCatch(return(expr), name, parentenv, handler) :
     no font could be found for family "Arial"
    Warning in doTryCatch(return(expr), name, parentenv, handler) :
     no font could be found for family "Arial"
    Warning in doTryCatch(return(expr), name, parentenv, handler) :
     no font could be found for family "Arial"
    Warning in doTryCatch(return(expr), name, parentenv, handler) :
     no font could be found for family "Arial"
    Warning in doTryCatch(return(expr), name, parentenv, handler) :
     no font could be found for family "Arial"
    Warning in doTryCatch(return(expr), name, parentenv, handler) :
     no font could be found for family "Arial"
    Warning in doTryCatch(return(expr), name, parentenv, handler) :
     no font could be found for family "Arial"
    Warning in doTryCatch(return(expr), name, parentenv, handler) :
     no font could be found for family "Arial"
    Warning in doTryCatch(return(expr), name, parentenv, handler) :
     no font could be found for family "Arial"
    Warning in doTryCatch(return(expr), name, parentenv, handler) :
     no font could be found for family "Arial"
    Warning in doTryCatch(return(expr), name, parentenv, handler) :
     no font could be found for family "Arial"
    Warning in doTryCatch(return(expr), name, parentenv, handler) :
     no font could be found for family "Arial"
    Warning in doTryCatch(return(expr), name, parentenv, handler) :
     no font could be found for family "Arial"
    Warning in axis(side = side, at = at, labels = labels, ...) :
     no font could be found for family "Arial"
    Warning in axis(side = side, at = at, labels = labels, ...) :
     no font could be found for family "Arial"
    Warning in axis(side = side, at = at, labels = labels, ...) :
     no font could be found for family "Arial"
    Warning in axis(side = side, at = at, labels = labels, ...) :
     no font could be found for family "Arial"
    Warning in axis(side = side, at = at, labels = labels, ...) :
     no font could be found for family "Arial"
    Warning in axis(side = side, at = at, labels = labels, ...) :
     no font could be found for family "Arial"
    Warning in axis(side = side, at = at, labels = labels, ...) :
     no font could be found for family "Arial"
    Warning in axis(side = side, at = at, labels = labels, ...) :
     no font could be found for family "Arial"
    Warning in axis(side = side, at = at, labels = labels, ...) :
     no font could be found for family "Arial"
    Warning in axis(side = side, at = at, labels = labels, ...) :
     no font could be found for family "Arial"
    Warning in axis(side = side, at = at, labels = labels, ...) :
     no font could be found for family "Arial"
    Warning in axis(side = side, at = at, labels = labels, ...) :
     no font could be found for family "Arial"
    Warning in axis(side = side, at = at, labels = labels, ...) :
     no font could be found for family "Arial"
    Warning in axis(side = side, at = at, labels = labels, ...) :
     no font could be found for family "Arial"
    Warning in axis(side = side, at = at, labels = labels, ...) :
     no font could be found for family "Arial"
    Warning in axis(side = side, at = at, labels = labels, ...) :
     no font could be found for family "Arial"
    Warning in axis(side = side, at = at, labels = labels, ...) :
     no font could be found for family "Arial"
    Warning in title(...) : no font could be found for family "Arial"
    Warning in title(...) : no font could be found for family "Arial"
    Warning in title(...) : no font could be found for family "Arial"
    Warning in title(...) : no font could be found for family "Arial"
    Warning in strwidth(legend, units = "user", cex = cex, font = text.font) :
     no font could be found for family "Arial"
    Warning in strwidth(legend, units = "user", cex = cex, font = text.font) :
     no font could be found for family "Arial"
    Warning in doTryCatch(return(expr), name, parentenv, handler) :
     no font could be found for family "Arial"
    Warning in doTryCatch(return(expr), name, parentenv, handler) :
     no font could be found for family "Arial"
    Warning in doTryCatch(return(expr), name, parentenv, handler) :
     no font could be found for family "Arial"
    Warning in doTryCatch(return(expr), name, parentenv, handler) :
     no font could be found for family "Arial"
    Warning in doTryCatch(return(expr), name, parentenv, handler) :
     no font could be found for family "Arial"
    Warning in doTryCatch(return(expr), name, parentenv, handler) :
     no font could be found for family "Arial"
    Warning in doTryCatch(return(expr), name, parentenv, handler) :
     no font could be found for family "Arial"
    Warning in doTryCatch(return(expr), name, parentenv, handler) :
     no font could be found for family "Arial"
    Warning in doTryCatch(return(expr), name, parentenv, handler) :
     no font could be found for family "Arial"
    Warning in doTryCatch(return(expr), name, parentenv, handler) :
     no font could be found for family "Arial"
    Warning in doTryCatch(return(expr), name, parentenv, handler) :
     no font could be found for family "Arial"
    Warning in doTryCatch(return(expr), name, parentenv, handler) :
     no font could be found for family "Arial"
    Warning in doTryCatch(return(expr), name, parentenv, handler) :
     no font could be found for family "Arial"
    Warning in doTryCatch(return(expr), name, parentenv, handler) :
     no font could be found for family "Arial"
    Warning in doTryCatch(return(expr), name, parentenv, handler) :
     no font could be found for family "Arial"
    Warning in doTryCatch(return(expr), name, parentenv, handler) :
     no font could be found for family "Arial"
    Warning in doTryCatch(return(expr), name, parentenv, handler) :
     no font could be found for family "Arial"
    Warning in doTryCatch(return(expr), name, parentenv, handler) :
     no font could be found for family "Arial"
    Warning in doTryCatch(return(expr), name, parentenv, handler) :
     no font could be found for family "Arial"
    Warning in doTryCatch(return(expr), name, parentenv, handler) :
     no font could be found for family "Arial"
    Warning in doTryCatch(return(expr), name, parentenv, handler) :
     no font could be found for family "Arial"
    Warning in doTryCatch(return(expr), name, parentenv, handler) :
     no font could be found for family "Arial"
    Warning in doTryCatch(return(expr), name, parentenv, handler) :
     no font could be found for family "Arial"
    Warning in axis(side = side, at = at, labels = labels, ...) :
     no font could be found for family "Arial"
    Warning in axis(side = side, at = at, labels = labels, ...) :
     no font could be found for family "Arial"
    Warning in axis(side = side, at = at, labels = labels, ...) :
     no font could be found for family "Arial"
    Warning in axis(side = side, at = at, labels = labels, ...) :
     no font could be found for family "Arial"
    Warning in axis(side = side, at = at, labels = labels, ...) :
     no font could be found for family "Arial"
    Warning in axis(side = side, at = at, labels = labels, ...) :
     no font could be found for family "Arial"
    Warning in axis(side = side, at = at, labels = labels, ...) :
     no font could be found for family "Arial"
    Warning in axis(side = side, at = at, labels = labels, ...) :
     no font could be found for family "Arial"
    Warning in axis(side = side, at = at, labels = labels, ...) :
     no font could be found for family "Arial"
    Warning in axis(side = side, at = at, labels = labels, ...) :
     no font could be found for family "Arial"
    Warning in axis(side = side, at = at, labels = labels, ...) :
     no font could be found for family "Arial"
    Warning in axis(side = side, at = at, labels = labels, ...) :
     no font could be found for family "Arial"
    Warning in axis(side = side, at = at, labels = labels, ...) :
     no font could be found for family "Arial"
    Warning in axis(side = side, at = at, labels = labels, ...) :
     no font could be found for family "Arial"
    Warning in axis(side = side, at = at, labels = labels, ...) :
     no font could be found for family "Arial"
    Warning in axis(side = side, at = at, labels = labels, ...) :
     no font could be found for family "Arial"
    Warning in axis(side = side, at = at, labels = labels, ...) :
     no font could be found for family "Arial"
    Warning in title(...) : no font could be found for family "Arial"
    Warning in title(...) : no font could be found for family "Arial"
    Warning in title(...) : no font could be found for family "Arial"
    Warning in title(...) : no font could be found for family "Arial"
    Warning in strwidth(legend, units = "user", cex = cex, font = text.font) :
     no font could be found for family "Arial"
    Warning in strwidth(legend, units = "user", cex = cex, font = text.font) :
     no font could be found for family "Arial"
    Warning in doTryCatch(return(expr), name, parentenv, handler) :
     no font could be found for family "Arial"
    Warning in doTryCatch(return(expr), name, parentenv, handler) :
     no font could be found for family "Arial"
    Warning in doTryCatch(return(expr), name, parentenv, handler) :
     no font could be found for family "Arial"
    Warning in doTryCatch(return(expr), name, parentenv, handler) :
     no font could be found for family "Arial"
    Warning in doTryCatch(return(expr), name, parentenv, handler) :
     no font could be found for family "Arial"
    Warning in doTryCatch(return(expr), name, parentenv, handler) :
     no font could be found for family "Arial"
    Warning in doTryCatch(return(expr), name, parentenv, handler) :
     no font could be found for family "Arial"
    Warning in doTryCatch(return(expr), name, parentenv, handler) :
     no font could be found for family "Arial"
    Warning in doTryCatch(return(expr), name, parentenv, handler) :
     no font could be found for family "Arial"
    Warning in doTryCatch(return(expr), name, parentenv, handler) :
     no font could be found for family "Arial"
    Warning in doTryCatch(return(expr), name, parentenv, handler) :
     no font could be found for family "Arial"
    Warning in doTryCatch(return(expr), name, parentenv, handler) :
     no font could be found for family "Arial"
    Warning in doTryCatch(return(expr), name, parentenv, handler) :
     no font could be found for family "Arial"
    Warning in doTryCatch(return(expr), name, parentenv, handler) :
     no font could be found for family "Arial"
    Warning in doTryCatch(return(expr), name, parentenv, handler) :
     no font could be found for family "Arial"
    Warning in doTryCatch(return(expr), name, parentenv, handler) :
     no font could be found for family "Arial"
    Warning in doTryCatch(return(expr), name, parentenv, handler) :
     no font could be found for family "Arial"
    Warning in doTryCatch(return(expr), name, parentenv, handler) :
     no font could be found for family "Arial"
    Warning in doTryCatch(return(expr), name, parentenv, handler) :
     no font could be found for family "Arial"
    Warning in doTryCatch(return(expr), name, parentenv, handler) :
     no font could be found for family "Arial"
    Warning in doTryCatch(return(expr), name, parentenv, handler) :
     no font could be found for family "Arial"
    Warning in doTryCatch(return(expr), name, parentenv, handler) :
     no font could be found for family "Arial"
    Warning in doTryCatch(return(expr), name, parentenv, handler) :
     no font could be found for family "Arial"
    Warning in axis(side = side, at = at, labels = labels, ...) :
     no font could be found for family "Arial"
    Warning in axis(side = side, at = at, labels = labels, ...) :
     no font could be found for family "Arial"
    Warning in axis(side = side, at = at, labels = labels, ...) :
     no font could be found for family "Arial"
    Warning in axis(side = side, at = at, labels = labels, ...) :
     no font could be found for family "Arial"
    Warning in axis(side = side, at = at, labels = labels, ...) :
     no font could be found for family "Arial"
    Warning in axis(side = side, at = at, labels = labels, ...) :
     no font could be found for family "Arial"
    Warning in axis(side = side, at = at, labels = labels, ...) :
     no font could be found for family "Arial"
    Warning in axis(side = side, at = at, labels = labels, ...) :
     no font could be found for family "Arial"
    Warning in axis(side = side, at = at, labels = labels, ...) :
     no font could be found for family "Arial"
    Warning in axis(side = side, at = at, labels = labels, ...) :
     no font could be found for family "Arial"
    Warning in axis(side = side, at = at, labels = labels, ...) :
     no font could be found for family "Arial"
    Warning in axis(side = side, at = at, labels = labels, ...) :
     no font could be found for family "Arial"
    Warning in axis(side = side, at = at, labels = labels, ...) :
     no font could be found for family "Arial"
    Warning in axis(side = side, at = at, labels = labels, ...) :
     no font could be found for family "Arial"
    Warning in title(...) : no font could be found for family "Arial"
    Warning in title(...) : no font could be found for family "Arial"
    Warning in title(...) : no font could be found for family "Arial"
    Warning in title(...) : no font could be found for family "Arial"
    Warning in strwidth(legend, units = "user", cex = cex, font = text.font) :
     no font could be found for family "Arial"
    Warning in strwidth(legend, units = "user", cex = cex, font = text.font) :
     no font could be found for family "Arial"
    Warning in doTryCatch(return(expr), name, parentenv, handler) :
     no font could be found for family "Arial"
    Warning in doTryCatch(return(expr), name, parentenv, handler) :
     no font could be found for family "Arial"
    Warning in doTryCatch(return(expr), name, parentenv, handler) :
     no font could be found for family "Arial"
    Warning in doTryCatch(return(expr), name, parentenv, handler) :
     no font could be found for family "Arial"
    Warning in doTryCatch(return(expr), name, parentenv, handler) :
     no font could be found for family "Arial"
    Warning in doTryCatch(return(expr), name, parentenv, handler) :
     no font could be found for family "Arial"
    Warning in doTryCatch(return(expr), name, parentenv, handler) :
     no font could be found for family "Arial"
    Warning in doTryCatch(return(expr), name, parentenv, handler) :
     no font could be found for family "Arial"
    Warning in doTryCatch(return(expr), name, parentenv, handler) :
     no font could be found for family "Arial"
    Warning in doTryCatch(return(expr), name, parentenv, handler) :
     no font could be found for family "Arial"
    Warning in doTryCatch(return(expr), name, parentenv, handler) :
     no font could be found for family "Arial"
    Warning in doTryCatch(return(expr), name, parentenv, handler) :
     no font could be found for family "Arial"
    Warning in doTryCatch(return(expr), name, parentenv, handler) :
     no font could be found for family "Arial"
    Warning in doTryCatch(return(expr), name, parentenv, handler) :
     no font could be found for family "Arial"
    Warning in doTryCatch(return(expr), name, parentenv, handler) :
     no font could be found for family "Arial"
    Warning in doTryCatch(return(expr), name, parentenv, handler) :
     no font could be found for family "Arial"
    Warning in doTryCatch(return(expr), name, parentenv, handler) :
     no font could be found for family "Arial"
    Warning in doTryCatch(return(expr), name, parentenv, handler) :
     no font could be found for family "Arial"
    Warning in doTryCatch(return(expr), name, parentenv, handler) :
     no font could be found for family "Arial"
    Warning in doTryCatch(return(expr), name, parentenv, handler) :
     no font could be found for family "Arial"
    --- finished re-building ‘p3_rsf.Rmd’
    
    --- re-building ‘p4_SSF.Rmd’ using rmarkdown
    Warning in engine$weave(file, quiet = quiet, encoding = enc) :
     Pandoc (>= 1.12.3) not available. Falling back to R Markdown v1.
    
    Attaching package: 'lubridate'
    
    The following objects are masked from 'package:base':
    
     date, intersect, setdiff, union
    
    Loading required package: sp
    
    Attaching package: 'amt'
    
    The following objects are masked from 'package:raster':
    
     bbox, select
    
    The following object is masked from 'package:sp':
    
     bbox
    
    The following object is masked from 'package:stats':
    
     filter
    
    --- finished re-building ‘p4_SSF.Rmd’
    
    --- re-building ‘p5_other_packages.Rmd’ using rmarkdown
    Warning in engine$weave(file, quiet = quiet, encoding = enc) :
     Pandoc (>= 1.12.3) not available. Falling back to R Markdown v1.
    
    Attaching package: 'amt'
    
    The following object is masked from 'package:stats':
    
     filter
    
    Warning in sp::spTransform(x_sp, crs_to) :
     NULL source CRS comment, falling back to PROJ string
    Warning in sp::spTransform(x_sp, crs_to) : +init dropped in PROJ string
    Warning in wkt(obj) : CRS object has no comment
    Warning in wkt(obj) : CRS object has no comment
    Warning in showSRID(uprojargs, format = "PROJ", multiline = "NO", prefer_proj = prefer_proj) :
     Discarded datum Unknown based on GRS80 ellipsoid in Proj4 definition,
     but +towgs84= values preserved
    --- finished re-building ‘p5_other_packages.Rmd’
    
    SUMMARY: processing the following files failed:
     ‘p1_getting_started.Rmd’ ‘p2_hr.Rmd’
    
    Error: Vignette re-building failed.
    Execution halted
Flavor: r-release-macos-arm64

Version: 0.1.4
Check: running examples for arch ‘i386’
Result: ERROR
    Running examples in 'amt-Ex.R' failed
    The error most likely occurred in:
    
    > ### Name: hr_akde
    > ### Title: Home ranges
    > ### Aliases: hr_akde hr_akde.track_xyt hr_area hr_area.hr hr_area.akde hr
    > ### hr_isopleths hr_kde hr_kde.track_xy hr_kde_ref hr_kde_ref.track_xy
    > ### hr_kde_pi hr_kde_pi.track_xy hr_kde_lscv hr_locoh hr_locoh.track_xy
    > ### hr_mcp hr_mcp.track_xy hr_od hr_od.track_xyt
    >
    > ### ** Examples
    >
    > # akde
    > ## Not run:
    > ##D data(deer)
    > ##D ud1 <- hr_akde(deer) # uses an iid ctmm
    > ##D ud2 <- hr_akde(deer, model = fit_ctmm(deer, "ou")) # uses an OU ctmm
    > ## End(Not run)
    > data(deer)
    > mini_deer <- deer[1:100, ]
    >
    > # MCP ---------------------------------------------------------------------
    > mcp1 <- hr_mcp(mini_deer)
    > hr_area(mcp1)
    # A tibble: 1 x 3
     level what area
     <dbl> <chr> <dbl>
    1 0.95 estimate 2226718.
    >
    > # calculated MCP at different levels
    > mcp1 <- hr_mcp(mini_deer, levels = seq(0.3, 1, 0.1))
    > hr_area(mcp1)
    # A tibble: 8 x 3
     level what area
     <dbl> <chr> <dbl>
    1 0.3 estimate 639048.
    2 0.4 estimate 729211.
    3 0.5 estimate 732019.
    4 0.6 estimate 767768.
    5 0.7 estimate 1437598.
    6 0.8 estimate 1464224.
    7 0.9 estimate 2223269.
    8 1 estimate 3827291.
    >
    > # CRS are inherited
    > get_crs(mini_deer)
    CRS arguments:
     +init=epsg:3035 +proj=laea +lat_0=52 +lon_0=10 +x_0=4321000
    +y_0=3210000 +ellps=GRS80 +towgs84=0,0,0,0,0,0,0 +units=m +no_defs
    > mcps <- hr_mcp(mini_deer, levels = c(0.5, 0.95, 1))
    > has_crs(mcps)
    [1] TRUE
    >
    > # Local Convex Hull (LoCoH) -----------------------------------------------
    > locoh1 <- hr_locoh(mini_deer)
    > hr_area(locoh1)
    # A tibble: 1 x 3
     level what area
     <dbl> <chr> <dbl>
    1 0.95 estimate 277766.
    >
    > # calculated Locoh at different levels
    > locoh <- hr_locoh(mini_deer, levels = seq(0.3, 1, 0.1))
Flavor: r-oldrel-windows-ix86+x86_64