CRAN Package Check Results for Package apache.sedona

Last updated on 2022-10-04 02:54:34 CEST.

Flavor Version Tinstall Tcheck Ttotal Status Flags
r-devel-linux-x86_64-debian-clang 1.2.1 9.81 72.28 82.09 OK
r-devel-linux-x86_64-debian-gcc 1.2.1 7.25 53.79 61.04 OK
r-devel-linux-x86_64-fedora-clang 1.2.1 113.46 NOTE
r-devel-linux-x86_64-fedora-gcc 1.2.1 111.72 NOTE
r-devel-windows-x86_64 1.2.1 61.00 134.00 195.00 OK
r-patched-linux-x86_64 1.2.1 7.40 68.27 75.67 OK
r-release-linux-x86_64 1.2.1 7.58 66.90 74.48 OK
r-release-macos-arm64 1.2.1 58.00 NOTE
r-release-macos-x86_64 1.2.1 71.00 NOTE
r-release-windows-x86_64 1.2.1 47.00 123.00 170.00 OK
r-oldrel-macos-arm64 1.2.1 60.00 NOTE
r-oldrel-macos-x86_64 1.2.1 75.00 NOTE
r-oldrel-windows-ix86+x86_64 1.2.1 20.00 122.00 142.00 OK

Check Details

Version: 1.2.1
Check: dependencies in R code
Result: NOTE
    Namespaces in Imports field not imported from:
     ‘DBI’ ‘dplyr’
     All declared Imports should be used.
Flavors: r-devel-linux-x86_64-fedora-clang, r-devel-linux-x86_64-fedora-gcc, r-release-macos-arm64, r-release-macos-x86_64, r-oldrel-macos-arm64, r-oldrel-macos-x86_64