CRAN Package Check Results for Package armada

Last updated on 2022-06-27 02:54:20 CEST.

Flavor Version Tinstall Tcheck Ttotal Status Flags
r-devel-linux-x86_64-debian-clang 0.1.0 19.75 210.11 229.86 OK
r-devel-linux-x86_64-debian-gcc 0.1.0 15.87 155.36 171.23 OK
r-devel-linux-x86_64-fedora-clang 0.1.0 279.48 NOTE
r-devel-linux-x86_64-fedora-gcc 0.1.0 280.13 NOTE
r-devel-windows-x86_64 0.1.0 25.00 217.00 242.00 OK
r-patched-linux-x86_64 0.1.0 20.89 201.29 222.18 OK
r-release-linux-x86_64 0.1.0 21.02 199.94 220.96 OK
r-release-macos-arm64 0.1.0 72.00 NOTE
r-release-macos-x86_64 0.1.0 104.00 NOTE
r-release-windows-x86_64 0.1.0 24.00 223.00 247.00 OK
r-oldrel-macos-arm64 0.1.0 107.00 NOTE
r-oldrel-macos-x86_64 0.1.0 258.00 NOTE
r-oldrel-windows-ix86+x86_64 0.1.0 45.00 225.00 270.00 OK

Check Details

Version: 0.1.0
Check: dependencies in R code
Result: NOTE
    Namespace in Imports field not imported from: ‘mvtnorm’
     All declared Imports should be used.
Flavors: r-devel-linux-x86_64-fedora-clang, r-devel-linux-x86_64-fedora-gcc, r-release-macos-arm64, r-release-macos-x86_64, r-oldrel-macos-arm64, r-oldrel-macos-x86_64