CRAN Package Check Results for Package audrex

Last updated on 2022-01-27 02:51:19 CET.

Flavor Version Tinstall Tcheck Ttotal Status Flags
r-devel-linux-x86_64-debian-clang 1.0.1 20.66 156.36 177.02 OK
r-devel-linux-x86_64-debian-gcc 1.0.1 15.41 115.91 131.32 OK
r-devel-linux-x86_64-fedora-clang 1.0.1 195.15 NOTE
r-devel-linux-x86_64-fedora-gcc 1.0.1 211.52 NOTE
r-devel-windows-x86_64-new-UL 1.0.1 24.00 157.00 181.00 OK
r-devel-windows-x86_64-new-TK 1.0.1 NOTE
r-patched-linux-x86_64 1.0.1 15.89 138.44 154.33 OK
r-release-linux-x86_64 1.0.1 12.73 137.97 150.70 OK
r-release-macos-arm64 1.0.1 NOTE
r-release-macos-x86_64 1.0.1 NOTE
r-release-windows-ix86+x86_64 1.0.1 40.00 153.00 193.00 OK
r-oldrel-macos-x86_64 1.0.1 NOTE
r-oldrel-windows-ix86+x86_64 1.0.1 40.00 153.00 193.00 OK

Check Details

Version: 1.0.1
Check: data for non-ASCII characters
Result: NOTE
     Note: found 1 marked UTF-8 string
Flavors: r-devel-linux-x86_64-fedora-clang, r-devel-linux-x86_64-fedora-gcc, r-devel-windows-x86_64-new-TK, r-release-macos-arm64, r-release-macos-x86_64, r-oldrel-macos-x86_64