Last updated on 2022-07-02 02:52:57 CEST.
Flavor | Version | Tinstall | Tcheck | Ttotal | Status | Flags |
---|---|---|---|---|---|---|
r-devel-linux-x86_64-debian-clang | 1.0.2 | 9.95 | 80.88 | 90.83 | OK | |
r-devel-linux-x86_64-debian-gcc | 1.0.2 | 5.86 | 60.23 | 66.09 | OK | |
r-devel-linux-x86_64-fedora-clang | 1.0.2 | 119.47 | WARN | |||
r-devel-linux-x86_64-fedora-gcc | 1.0.2 | 117.56 | WARN | |||
r-devel-windows-x86_64 | 1.0.2 | 34.00 | 107.00 | 141.00 | OK | |
r-patched-linux-x86_64 | 1.0.2 | 10.14 | 77.02 | 87.16 | OK | |
r-release-linux-x86_64 | 1.0.2 | 9.47 | 78.13 | 87.60 | OK | |
r-release-macos-arm64 | 1.0.2 | 35.00 | NOTE | |||
r-release-macos-x86_64 | 1.0.2 | 60.00 | NOTE | |||
r-release-windows-x86_64 | 1.0.2 | 30.00 | 108.00 | 138.00 | OK | |
r-oldrel-macos-arm64 | 1.0.2 | 35.00 | NOTE | |||
r-oldrel-macos-x86_64 | 1.0.2 | 43.00 | NOTE | |||
r-oldrel-windows-ix86+x86_64 | 1.0.2 | 22.00 | 101.00 | 123.00 | OK |
Version: 1.0.2
Check: package dependencies
Result: WARN
Requires (indirectly) orphaned package: ‘gtools’
Flavors: r-devel-linux-x86_64-fedora-clang, r-devel-linux-x86_64-fedora-gcc
Version: 1.0.2
Check: dependencies in R code
Result: NOTE
Namespace in Imports field not imported from: ‘R.rsp’
All declared Imports should be used.
Flavors: r-devel-linux-x86_64-fedora-clang, r-devel-linux-x86_64-fedora-gcc, r-release-macos-arm64, r-release-macos-x86_64, r-oldrel-macos-arm64, r-oldrel-macos-x86_64