CRAN Package Check Results for Package autocogs

Last updated on 2021-08-02 02:49:37 CEST.

Flavor Version Tinstall Tcheck Ttotal Status Flags
r-devel-linux-x86_64-debian-clang 0.1.4 4.85 57.78 62.63 OK
r-devel-linux-x86_64-debian-gcc 0.1.4 4.23 43.50 47.73 OK
r-devel-linux-x86_64-fedora-clang 0.1.4 92.91 NOTE
r-devel-linux-x86_64-fedora-gcc 0.1.4 70.06 NOTE
r-devel-windows-x86_64 0.1.4 18.00 78.00 96.00 OK
r-devel-windows-x86_64-gcc10-UCRT 0.1.4 NOTE
r-patched-linux-x86_64 0.1.4 OK
r-patched-solaris-x86 0.1.4 109.00 NOTE
r-release-linux-x86_64 0.1.4 4.55 54.52 59.07 OK
r-release-macos-arm64 0.1.4 NOTE
r-release-macos-x86_64 0.1.4 NOTE
r-release-windows-ix86+x86_64 0.1.4 13.00 59.00 72.00 OK
r-oldrel-macos-x86_64 0.1.4 NOTE
r-oldrel-windows-ix86+x86_64 0.1.4 16.00 78.00 94.00 OK

Check Details

Version: 0.1.4
Check: dependencies in R code
Result: NOTE
    Namespaces in Imports field not imported from:
     ‘MASS’ ‘broom’ ‘diptest’ ‘ggplot2’ ‘hexbin’ ‘moments’
     All declared Imports should be used.
Flavors: r-devel-linux-x86_64-fedora-clang, r-devel-linux-x86_64-fedora-gcc, r-devel-windows-x86_64-gcc10-UCRT, r-patched-solaris-x86, r-release-macos-arm64, r-release-macos-x86_64, r-oldrel-macos-x86_64