CRAN Package Check Results for Package autohd

Last updated on 2021-07-28 02:48:53 CEST.

Flavor Version Tinstall Tcheck Ttotal Status Flags
r-devel-linux-x86_64-debian-clang 0.1.0 15.72 125.65 141.37 OK
r-devel-linux-x86_64-debian-gcc 0.1.0 12.67 93.49 106.16 OK
r-devel-linux-x86_64-fedora-clang 0.1.0 176.15 NOTE
r-devel-linux-x86_64-fedora-gcc 0.1.0 161.60 NOTE
r-devel-windows-x86_64 0.1.0 24.00 149.00 173.00 OK
r-devel-windows-x86_64-gcc10-UCRT 0.1.0 NOTE
r-patched-linux-x86_64 0.1.0 15.74 118.42 134.16 OK
r-patched-solaris-x86 0.1.0 240.00 NOTE
r-release-linux-x86_64 0.1.0 15.85 117.47 133.32 OK
r-release-macos-arm64 0.1.0 ERROR
r-release-macos-x86_64 0.1.0 NOTE
r-release-windows-ix86+x86_64 0.1.0 33.00 107.00 140.00 OK
r-oldrel-macos-x86_64 0.1.0 NOTE
r-oldrel-windows-ix86+x86_64 0.1.0 34.00 142.00 176.00 OK

Check Details

Version: 0.1.0
Check: dependencies in R code
Result: NOTE
    Namespaces in Imports field not imported from:
     ‘Hmisc’ ‘broom’ ‘tibble’ ‘usethis’
     All declared Imports should be used.
Flavors: r-devel-linux-x86_64-fedora-clang, r-devel-linux-x86_64-fedora-gcc, r-devel-windows-x86_64-gcc10-UCRT, r-patched-solaris-x86, r-release-macos-x86_64, r-oldrel-macos-x86_64

Version: 0.1.0
Check: package dependencies
Result: ERROR
    Package required but not available: ‘rjags’
    
    See section ‘The DESCRIPTION file’ in the ‘Writing R Extensions’
    manual.
Flavor: r-release-macos-arm64