Last updated on 2023-06-09 02:52:07 CEST.
Flavor | Version | Tinstall | Tcheck | Ttotal | Status | Flags |
---|---|---|---|---|---|---|
r-devel-linux-x86_64-debian-clang | 0.8.3 | 5.75 | 74.97 | 80.72 | OK | |
r-devel-linux-x86_64-debian-gcc | 0.8.3 | 4.86 | 57.40 | 62.26 | OK | |
r-devel-linux-x86_64-fedora-clang | 0.8.3 | 103.03 | OK | |||
r-devel-linux-x86_64-fedora-gcc | 0.8.3 | 100.70 | OK | |||
r-devel-windows-x86_64 | 0.8.3 | 27.00 | 189.00 | 216.00 | NOTE | |
r-patched-linux-x86_64 | 0.8.3 | 5.04 | 72.96 | 78.00 | OK | |
r-release-linux-x86_64 | 0.8.3 | 5.21 | 73.24 | 78.45 | OK | |
r-release-macos-arm64 | 0.8.3 | 43.00 | NOTE | |||
r-release-macos-x86_64 | 0.8.3 | 55.00 | NOTE | |||
r-release-windows-x86_64 | 0.8.3 | 30.00 | 263.00 | 293.00 | NOTE | |
r-oldrel-macos-arm64 | 0.8.3 | 49.00 | NOTE | |||
r-oldrel-macos-x86_64 | 0.8.3 | 66.00 | NOTE | |||
r-oldrel-windows-x86_64 | 0.8.3 | 32.00 | 203.00 | 235.00 | NOTE |
Version: 0.8.3
Check: installed package size
Result: NOTE
installed size is 29.3Mb
sub-directories of 1Mb or more:
libs 28.5Mb
Flavors: r-devel-windows-x86_64, r-release-macos-arm64, r-release-macos-x86_64, r-release-windows-x86_64, r-oldrel-macos-arm64, r-oldrel-macos-x86_64, r-oldrel-windows-x86_64