CRAN Package Check Results for Package av

Last updated on 2021-12-05 02:49:17 CET.

Flavor Version Tinstall Tcheck Ttotal Status Flags
r-devel-linux-x86_64-debian-clang 0.6.0 5.41 76.66 82.07 OK
r-devel-linux-x86_64-debian-gcc 0.6.0 3.88 58.80 62.68 OK
r-devel-linux-x86_64-fedora-clang 0.6.0 102.59 OK
r-devel-linux-x86_64-fedora-gcc 0.6.0 87.27 OK
r-devel-windows-x86_64-new-UL 0.6.0 35.00 237.00 272.00 NOTE
r-devel-windows-x86_64-new-TK 0.6.0 OK
r-devel-windows-x86_64-old 0.6.0 26.00 138.00 164.00 NOTE
r-patched-linux-x86_64 0.6.0 4.98 67.96 72.94 OK
r-release-linux-x86_64 0.6.0 5.05 67.88 72.93 OK
r-release-macos-arm64 0.6.0 NOTE
r-release-macos-x86_64 0.6.0 NOTE
r-release-windows-ix86+x86_64 0.6.0 42.00 314.00 356.00 NOTE
r-oldrel-macos-x86_64 0.6.0 NOTE
r-oldrel-windows-ix86+x86_64 0.6.0 50.00 317.00 367.00 NOTE

Additional issues

rchk

Check Details

Version: 0.6.0
Check: installed package size
Result: NOTE
     installed size is 28.6Mb
     sub-directories of 1Mb or more:
     libs 27.8Mb
Flavors: r-devel-windows-x86_64-new-UL, r-devel-windows-x86_64-old, r-release-macos-arm64, r-release-macos-x86_64, r-release-windows-ix86+x86_64, r-oldrel-macos-x86_64, r-oldrel-windows-ix86+x86_64