CRAN Package Check Results for Package babsim.hospital

Last updated on 2021-10-27 02:52:28 CEST.

Flavor Version Tinstall Tcheck Ttotal Status Flags
r-devel-linux-x86_64-debian-clang 11.8.2 20.86 248.84 269.70 OK
r-devel-linux-x86_64-debian-gcc 11.8.2 17.15 181.15 198.30 OK
r-devel-linux-x86_64-fedora-clang 11.8.2 334.11 NOTE
r-devel-linux-x86_64-fedora-gcc 11.8.2 324.15 NOTE
r-devel-windows-x86_64 11.8.2 34.00 284.00 318.00 OK
r-devel-windows-x86_64-gcc10-UCRT 11.8.2 NOTE
r-patched-linux-x86_64 11.8.2 21.01 231.85 252.86 OK
r-patched-solaris-x86 11.8.2 397.70 NOTE
r-release-linux-x86_64 11.8.2 21.27 229.82 251.09 OK
r-release-macos-arm64 11.8.2 NOTE
r-release-macos-x86_64 11.8.2 NOTE
r-release-windows-ix86+x86_64 11.8.2 31.00 250.00 281.00 OK
r-oldrel-macos-x86_64 11.8.2 NOTE
r-oldrel-windows-ix86+x86_64 11.8.2 45.00 284.00 329.00 OK

Check Details

Version: 11.8.2
Check: data for non-ASCII characters
Result: NOTE
     Note: found 62887 marked UTF-8 strings
Flavors: r-devel-linux-x86_64-fedora-clang, r-devel-linux-x86_64-fedora-gcc, r-devel-windows-x86_64-gcc10-UCRT, r-patched-solaris-x86, r-release-macos-arm64, r-release-macos-x86_64, r-oldrel-macos-x86_64