CRAN Package Check Results for Package babynames

Last updated on 2022-12-10 02:49:23 CET.

Flavor Version Tinstall Tcheck Ttotal Status Flags
r-devel-linux-x86_64-debian-clang 1.0.1 41.79 55.12 96.91 OK
r-devel-linux-x86_64-debian-gcc 1.0.1 36.73 42.91 79.64 OK
r-devel-linux-x86_64-fedora-clang 1.0.1 140.41 NOTE
r-devel-linux-x86_64-fedora-gcc 1.0.1 135.92 OK
r-devel-windows-x86_64 1.0.1 45.00 80.00 125.00 NOTE
r-patched-linux-x86_64 1.0.1 39.94 53.03 92.97 OK
r-release-linux-x86_64 1.0.1 43.88 52.28 96.16 OK
r-release-macos-arm64 1.0.1 53.00 NOTE
r-release-macos-x86_64 1.0.1 61.00 NOTE
r-release-windows-x86_64 1.0.1 41.00 87.00 128.00 NOTE
r-oldrel-macos-arm64 1.0.1 73.00 NOTE
r-oldrel-macos-x86_64 1.0.1 70.00 NOTE
r-oldrel-windows-ix86+x86_64 1.0.1 60.00 78.00 138.00 NOTE

Check Details

Version: 1.0.1
Check: installed package size
Result: NOTE
     installed size is 5.4Mb
     sub-directories of 1Mb or more:
     data 5.3Mb
Flavors: r-devel-linux-x86_64-fedora-clang, r-devel-windows-x86_64, r-release-macos-arm64, r-release-macos-x86_64, r-release-windows-x86_64, r-oldrel-macos-arm64, r-oldrel-macos-x86_64, r-oldrel-windows-ix86+x86_64