CRAN Package Check Results for Package bate

Last updated on 2022-12-01 04:00:27 CET.

Flavor Version Tinstall Tcheck Ttotal Status Flags
r-devel-linux-x86_64-debian-clang 0.1.0 5.71 265.32 271.03 OK
r-devel-linux-x86_64-debian-gcc 0.1.0 5.22 192.38 197.60 OK
r-devel-linux-x86_64-fedora-clang 0.1.0 351.80 NOTE
r-devel-linux-x86_64-fedora-gcc 0.1.0 389.50 NOTE
r-devel-windows-x86_64 0.1.0 35.00 278.00 313.00 OK
r-patched-linux-x86_64 0.1.0 6.68 243.32 250.00 OK
r-release-linux-x86_64 0.1.0 6.35 242.35 248.70 OK
r-release-macos-arm64 0.1.0 97.00 NOTE
r-release-macos-x86_64 0.1.0 151.00 NOTE
r-release-windows-x86_64 0.1.0 26.00 290.00 316.00 OK
r-oldrel-macos-arm64 0.1.0 90.00 NOTE
r-oldrel-macos-x86_64 0.1.0 105.00 NOTE
r-oldrel-windows-ix86+x86_64 0.1.0 20.00 307.00 327.00 OK

Check Details

Version: 0.1.0
Check: dependencies in R code
Result: NOTE
    Namespace in Imports field not imported from: ‘vtable’
     All declared Imports should be used.
Flavors: r-devel-linux-x86_64-fedora-clang, r-devel-linux-x86_64-fedora-gcc, r-release-macos-arm64, r-release-macos-x86_64, r-oldrel-macos-arm64, r-oldrel-macos-x86_64