CRAN Package Check Results for Package bayesm

Last updated on 2021-10-27 02:52:28 CEST.

Flavor Version Tinstall Tcheck Ttotal Status Flags
r-devel-linux-x86_64-debian-clang 3.1-4 582.91 437.02 1019.93 OK
r-devel-linux-x86_64-debian-gcc 3.1-4 444.93 309.55 754.48 OK
r-devel-linux-x86_64-fedora-clang 3.1-4 1552.50 NOTE
r-devel-linux-x86_64-fedora-gcc 3.1-4 1396.45 OK
r-devel-windows-x86_64 3.1-4 780.00 558.00 1338.00 NOTE
r-devel-windows-x86_64-gcc10-UCRT 3.1-4 OK
r-patched-linux-x86_64 3.1-4 516.46 427.81 944.27 OK
r-patched-solaris-x86 3.1-4 1549.90 NOTE
r-release-linux-x86_64 3.1-4 514.91 415.77 930.68 OK
r-release-macos-arm64 3.1-4 NOTE
r-release-macos-x86_64 3.1-4 NOTE
r-release-windows-ix86+x86_64 3.1-4 1109.00 612.00 1721.00 NOTE
r-oldrel-macos-x86_64 3.1-4 NOTE
r-oldrel-windows-ix86+x86_64 3.1-4 1522.00 605.00 2127.00 NOTE

Check Details

Version: 3.1-4
Check: installed package size
Result: NOTE
     installed size is 28.9Mb
     sub-directories of 1Mb or more:
     doc 2.9Mb
     libs 24.5Mb
Flavors: r-devel-linux-x86_64-fedora-clang, r-devel-windows-x86_64, r-patched-solaris-x86, r-release-macos-arm64, r-release-macos-x86_64, r-release-windows-ix86+x86_64, r-oldrel-macos-x86_64, r-oldrel-windows-ix86+x86_64