CRAN Package Check Results for Package bayesplot

Last updated on 2021-06-14 02:48:55 CEST.

Flavor Version Tinstall Tcheck Ttotal Status Flags
r-devel-linux-x86_64-debian-clang 1.8.0 12.43 253.25 265.68 ERROR
r-devel-linux-x86_64-debian-gcc 1.8.0 10.35 180.60 190.95 ERROR
r-devel-linux-x86_64-fedora-clang 1.8.0 308.71 ERROR
r-devel-linux-x86_64-fedora-gcc 1.8.0 302.37 ERROR
r-devel-windows-x86_64 1.8.0 22.00 402.00 424.00 NOTE
r-devel-windows-x86_64-gcc10-UCRT 1.8.0 NOTE
r-patched-linux-x86_64 1.8.0 17.12 315.00 332.12 NOTE
r-patched-solaris-x86 1.8.0 375.90 NOTE
r-release-linux-x86_64 1.8.0 11.10 317.38 328.48 NOTE
r-release-macos-arm64 1.8.0 NOTE
r-release-macos-x86_64 1.8.0 NOTE
r-release-windows-ix86+x86_64 1.8.0 30.00 385.00 415.00 NOTE
r-oldrel-macos-x86_64 1.8.0 NOTE
r-oldrel-windows-ix86+x86_64 1.8.0 32.00 406.00 438.00 NOTE

Check Details

Version: 1.8.0
Check: LazyData
Result: NOTE
     'LazyData' is specified without a 'data' directory
Flavors: r-devel-linux-x86_64-debian-clang, r-devel-linux-x86_64-debian-gcc, r-devel-linux-x86_64-fedora-clang, r-devel-linux-x86_64-fedora-gcc, r-devel-windows-x86_64, r-devel-windows-x86_64-gcc10-UCRT, r-patched-linux-x86_64, r-patched-solaris-x86, r-release-linux-x86_64, r-release-macos-arm64, r-release-macos-x86_64, r-release-windows-ix86+x86_64

Version: 1.8.0
Check: tests
Result: ERROR
     Running 'testthat.R' [60s/69s]
    Running the tests in 'tests/testthat.R' failed.
    Complete output:
     > library(testthat)
     > library(bayesplot)
     This is bayesplot version 1.8.0
     - Online documentation and vignettes at mc-stan.org/bayesplot
     - bayesplot theme set to bayesplot::theme_default()
     * Does _not_ affect other ggplot2 plots
     * See ?bayesplot_theme_set for details on theme setting
     >
     > Sys.unsetenv("R_TESTS")
     > test_check("bayesplot")
     == Skipped tests ===============================================================
     * On CRAN (27)
    
     == Failed tests ================================================================
     -- Error (test-helpers-mcmc.R:4:1): (code run outside of `test_that()`) --------
     Error: data length differs from size of matrix: [1000 != 100 x 5]
     Backtrace:
     x
     1. +-base::source(test_path("data-for-mcmc-tests.R")) test-helpers-mcmc.R:4:0
     2. | +-base::withVisible(eval(ei, envir))
     3. | \-base::eval(ei, envir)
     4. | \-base::eval(ei, envir)
     5. +-base::as.data.frame(matrix(rnorm(1000), nrow = 100, ncol = 5))
     6. \-base::matrix(rnorm(1000), nrow = 100, ncol = 5)
     -- Error (test-mcmc-combo.R:4:1): (code run outside of `test_that()`) ----------
     Error: data length differs from size of matrix: [1000 != 100 x 5]
     Backtrace:
     x
     1. +-base::source(test_path("data-for-mcmc-tests.R")) test-mcmc-combo.R:4:0
     2. | +-base::withVisible(eval(ei, envir))
     3. | \-base::eval(ei, envir)
     4. | \-base::eval(ei, envir)
     5. +-base::as.data.frame(matrix(rnorm(1000), nrow = 100, ncol = 5))
     6. \-base::matrix(rnorm(1000), nrow = 100, ncol = 5)
     -- Error (test-mcmc-diagnostics.R:4:1): (code run outside of `test_that()`) ----
     Error: data length differs from size of matrix: [1000 != 100 x 5]
     Backtrace:
     x
     1. +-base::source(test_path("data-for-mcmc-tests.R")) test-mcmc-diagnostics.R:4:0
     2. | +-base::withVisible(eval(ei, envir))
     3. | \-base::eval(ei, envir)
     4. | \-base::eval(ei, envir)
     5. +-base::as.data.frame(matrix(rnorm(1000), nrow = 100, ncol = 5))
     6. \-base::matrix(rnorm(1000), nrow = 100, ncol = 5)
     -- Error (test-mcmc-distributions.R:4:1): (code run outside of `test_that()`) --
     Error: data length differs from size of matrix: [1000 != 100 x 5]
     Backtrace:
     x
     1. +-base::source(test_path("data-for-mcmc-tests.R")) test-mcmc-distributions.R:4:0
     2. | +-base::withVisible(eval(ei, envir))
     3. | \-base::eval(ei, envir)
     4. | \-base::eval(ei, envir)
     5. +-base::as.data.frame(matrix(rnorm(1000), nrow = 100, ncol = 5))
     6. \-base::matrix(rnorm(1000), nrow = 100, ncol = 5)
     -- Error (test-mcmc-intervals.R:4:1): (code run outside of `test_that()`) ------
     Error: data length differs from size of matrix: [1000 != 100 x 5]
     Backtrace:
     x
     1. +-base::source(test_path("data-for-mcmc-tests.R")) test-mcmc-intervals.R:4:0
     2. | +-base::withVisible(eval(ei, envir))
     3. | \-base::eval(ei, envir)
     4. | \-base::eval(ei, envir)
     5. +-base::as.data.frame(matrix(rnorm(1000), nrow = 100, ncol = 5))
     6. \-base::matrix(rnorm(1000), nrow = 100, ncol = 5)
     -- Error (test-mcmc-scatter-and-parcoord.R:4:1): (code run outside of `test_that()`) --
     Error: data length differs from size of matrix: [1000 != 100 x 5]
     Backtrace:
     x
     1. +-base::source(test_path("data-for-mcmc-tests.R")) test-mcmc-scatter-and-parcoord.R:4:0
     2. | +-base::withVisible(eval(ei, envir))
     3. | \-base::eval(ei, envir)
     4. | \-base::eval(ei, envir)
     5. +-base::as.data.frame(matrix(rnorm(1000), nrow = 100, ncol = 5))
     6. \-base::matrix(rnorm(1000), nrow = 100, ncol = 5)
     -- Error (test-mcmc-traces.R:4:1): (code run outside of `test_that()`) ---------
     Error: data length differs from size of matrix: [1000 != 100 x 5]
     Backtrace:
     x
     1. +-base::source(test_path("data-for-mcmc-tests.R")) test-mcmc-traces.R:4:0
     2. | +-base::withVisible(eval(ei, envir))
     3. | \-base::eval(ei, envir)
     4. | \-base::eval(ei, envir)
     5. +-base::as.data.frame(matrix(rnorm(1000), nrow = 100, ncol = 5))
     6. \-base::matrix(rnorm(1000), nrow = 100, ncol = 5)
    
     [ FAIL 7 | WARN 0 | SKIP 27 | PASS 641 ]
     Error: Test failures
     Execution halted
Flavor: r-devel-linux-x86_64-debian-clang

Version: 1.8.0
Check: tests
Result: ERROR
     Running ‘testthat.R’ [42s/64s]
    Running the tests in ‘tests/testthat.R’ failed.
    Complete output:
     > library(testthat)
     > library(bayesplot)
     This is bayesplot version 1.8.0
     - Online documentation and vignettes at mc-stan.org/bayesplot
     - bayesplot theme set to bayesplot::theme_default()
     * Does _not_ affect other ggplot2 plots
     * See ?bayesplot_theme_set for details on theme setting
     >
     > Sys.unsetenv("R_TESTS")
     > test_check("bayesplot")
     ══ Skipped tests ═══════════════════════════════════════════════════════════════
     • On CRAN (27)
    
     ══ Failed tests ════════════════════════════════════════════════════════════════
     ── Error (test-helpers-mcmc.R:4:1): (code run outside of `test_that()`) ────────
     Error: data length differs from size of matrix: [1000 != 100 x 5]
     Backtrace:
     █
     1. ├─base::source(test_path("data-for-mcmc-tests.R")) test-helpers-mcmc.R:4:0
     2. │ ├─base::withVisible(eval(ei, envir))
     3. │ └─base::eval(ei, envir)
     4. │ └─base::eval(ei, envir)
     5. ├─base::as.data.frame(matrix(rnorm(1000), nrow = 100, ncol = 5))
     6. └─base::matrix(rnorm(1000), nrow = 100, ncol = 5)
     ── Error (test-mcmc-combo.R:4:1): (code run outside of `test_that()`) ──────────
     Error: data length differs from size of matrix: [1000 != 100 x 5]
     Backtrace:
     █
     1. ├─base::source(test_path("data-for-mcmc-tests.R")) test-mcmc-combo.R:4:0
     2. │ ├─base::withVisible(eval(ei, envir))
     3. │ └─base::eval(ei, envir)
     4. │ └─base::eval(ei, envir)
     5. ├─base::as.data.frame(matrix(rnorm(1000), nrow = 100, ncol = 5))
     6. └─base::matrix(rnorm(1000), nrow = 100, ncol = 5)
     ── Error (test-mcmc-diagnostics.R:4:1): (code run outside of `test_that()`) ────
     Error: data length differs from size of matrix: [1000 != 100 x 5]
     Backtrace:
     █
     1. ├─base::source(test_path("data-for-mcmc-tests.R")) test-mcmc-diagnostics.R:4:0
     2. │ ├─base::withVisible(eval(ei, envir))
     3. │ └─base::eval(ei, envir)
     4. │ └─base::eval(ei, envir)
     5. ├─base::as.data.frame(matrix(rnorm(1000), nrow = 100, ncol = 5))
     6. └─base::matrix(rnorm(1000), nrow = 100, ncol = 5)
     ── Error (test-mcmc-distributions.R:4:1): (code run outside of `test_that()`) ──
     Error: data length differs from size of matrix: [1000 != 100 x 5]
     Backtrace:
     █
     1. ├─base::source(test_path("data-for-mcmc-tests.R")) test-mcmc-distributions.R:4:0
     2. │ ├─base::withVisible(eval(ei, envir))
     3. │ └─base::eval(ei, envir)
     4. │ └─base::eval(ei, envir)
     5. ├─base::as.data.frame(matrix(rnorm(1000), nrow = 100, ncol = 5))
     6. └─base::matrix(rnorm(1000), nrow = 100, ncol = 5)
     ── Error (test-mcmc-intervals.R:4:1): (code run outside of `test_that()`) ──────
     Error: data length differs from size of matrix: [1000 != 100 x 5]
     Backtrace:
     █
     1. ├─base::source(test_path("data-for-mcmc-tests.R")) test-mcmc-intervals.R:4:0
     2. │ ├─base::withVisible(eval(ei, envir))
     3. │ └─base::eval(ei, envir)
     4. │ └─base::eval(ei, envir)
     5. ├─base::as.data.frame(matrix(rnorm(1000), nrow = 100, ncol = 5))
     6. └─base::matrix(rnorm(1000), nrow = 100, ncol = 5)
     ── Error (test-mcmc-scatter-and-parcoord.R:4:1): (code run outside of `test_that()`) ──
     Error: data length differs from size of matrix: [1000 != 100 x 5]
     Backtrace:
     █
     1. ├─base::source(test_path("data-for-mcmc-tests.R")) test-mcmc-scatter-and-parcoord.R:4:0
     2. │ ├─base::withVisible(eval(ei, envir))
     3. │ └─base::eval(ei, envir)
     4. │ └─base::eval(ei, envir)
     5. ├─base::as.data.frame(matrix(rnorm(1000), nrow = 100, ncol = 5))
     6. └─base::matrix(rnorm(1000), nrow = 100, ncol = 5)
     ── Error (test-mcmc-traces.R:4:1): (code run outside of `test_that()`) ─────────
     Error: data length differs from size of matrix: [1000 != 100 x 5]
     Backtrace:
     █
     1. ├─base::source(test_path("data-for-mcmc-tests.R")) test-mcmc-traces.R:4:0
     2. │ ├─base::withVisible(eval(ei, envir))
     3. │ └─base::eval(ei, envir)
     4. │ └─base::eval(ei, envir)
     5. ├─base::as.data.frame(matrix(rnorm(1000), nrow = 100, ncol = 5))
     6. └─base::matrix(rnorm(1000), nrow = 100, ncol = 5)
    
     [ FAIL 7 | WARN 0 | SKIP 27 | PASS 641 ]
     Error: Test failures
     Execution halted
Flavor: r-devel-linux-x86_64-debian-gcc

Version: 1.8.0
Check: installed package size
Result: NOTE
     installed size is 5.9Mb
     sub-directories of 1Mb or more:
     R 1.8Mb
     doc 3.4Mb
Flavors: r-devel-linux-x86_64-fedora-clang, r-devel-windows-x86_64, r-patched-solaris-x86, r-release-macos-arm64, r-release-macos-x86_64, r-release-windows-ix86+x86_64, r-oldrel-macos-x86_64, r-oldrel-windows-ix86+x86_64

Version: 1.8.0
Check: tests
Result: ERROR
     Running ‘testthat.R’ [66s/75s]
    Running the tests in ‘tests/testthat.R’ failed.
    Complete output:
     > library(testthat)
     > library(bayesplot)
     This is bayesplot version 1.8.0
     - Online documentation and vignettes at mc-stan.org/bayesplot
     - bayesplot theme set to bayesplot::theme_default()
     * Does _not_ affect other ggplot2 plots
     * See ?bayesplot_theme_set for details on theme setting
     >
     > Sys.unsetenv("R_TESTS")
     > test_check("bayesplot")
     ══ Skipped tests ═══════════════════════════════════════════════════════════════
     • On CRAN (27)
    
     ══ Failed tests ════════════════════════════════════════════════════════════════
     ── Error (test-helpers-mcmc.R:4:1): (code run outside of `test_that()`) ────────
     Error: data length differs from size of matrix: [1000 != 100 x 5]
     Backtrace:
     █
     1. ├─base::source(test_path("data-for-mcmc-tests.R")) test-helpers-mcmc.R:4:0
     2. │ ├─base::withVisible(eval(ei, envir))
     3. │ └─base::eval(ei, envir)
     4. │ └─base::eval(ei, envir)
     5. ├─base::as.data.frame(matrix(rnorm(1000), nrow = 100, ncol = 5))
     6. └─base::matrix(rnorm(1000), nrow = 100, ncol = 5)
     ── Error (test-mcmc-combo.R:4:1): (code run outside of `test_that()`) ──────────
     Error: data length differs from size of matrix: [1000 != 100 x 5]
     Backtrace:
     █
     1. ├─base::source(test_path("data-for-mcmc-tests.R")) test-mcmc-combo.R:4:0
     2. │ ├─base::withVisible(eval(ei, envir))
     3. │ └─base::eval(ei, envir)
     4. │ └─base::eval(ei, envir)
     5. ├─base::as.data.frame(matrix(rnorm(1000), nrow = 100, ncol = 5))
     6. └─base::matrix(rnorm(1000), nrow = 100, ncol = 5)
     ── Error (test-mcmc-diagnostics.R:4:1): (code run outside of `test_that()`) ────
     Error: data length differs from size of matrix: [1000 != 100 x 5]
     Backtrace:
     █
     1. ├─base::source(test_path("data-for-mcmc-tests.R")) test-mcmc-diagnostics.R:4:0
     2. │ ├─base::withVisible(eval(ei, envir))
     3. │ └─base::eval(ei, envir)
     4. │ └─base::eval(ei, envir)
     5. ├─base::as.data.frame(matrix(rnorm(1000), nrow = 100, ncol = 5))
     6. └─base::matrix(rnorm(1000), nrow = 100, ncol = 5)
     ── Error (test-mcmc-distributions.R:4:1): (code run outside of `test_that()`) ──
     Error: data length differs from size of matrix: [1000 != 100 x 5]
     Backtrace:
     █
     1. ├─base::source(test_path("data-for-mcmc-tests.R")) test-mcmc-distributions.R:4:0
     2. │ ├─base::withVisible(eval(ei, envir))
     3. │ └─base::eval(ei, envir)
     4. │ └─base::eval(ei, envir)
     5. ├─base::as.data.frame(matrix(rnorm(1000), nrow = 100, ncol = 5))
     6. └─base::matrix(rnorm(1000), nrow = 100, ncol = 5)
     ── Error (test-mcmc-intervals.R:4:1): (code run outside of `test_that()`) ──────
     Error: data length differs from size of matrix: [1000 != 100 x 5]
     Backtrace:
     █
     1. ├─base::source(test_path("data-for-mcmc-tests.R")) test-mcmc-intervals.R:4:0
     2. │ ├─base::withVisible(eval(ei, envir))
     3. │ └─base::eval(ei, envir)
     4. │ └─base::eval(ei, envir)
     5. ├─base::as.data.frame(matrix(rnorm(1000), nrow = 100, ncol = 5))
     6. └─base::matrix(rnorm(1000), nrow = 100, ncol = 5)
     ── Error (test-mcmc-scatter-and-parcoord.R:4:1): (code run outside of `test_that()`) ──
     Error: data length differs from size of matrix: [1000 != 100 x 5]
     Backtrace:
     █
     1. ├─base::source(test_path("data-for-mcmc-tests.R")) test-mcmc-scatter-and-parcoord.R:4:0
     2. │ ├─base::withVisible(eval(ei, envir))
     3. │ └─base::eval(ei, envir)
     4. │ └─base::eval(ei, envir)
     5. ├─base::as.data.frame(matrix(rnorm(1000), nrow = 100, ncol = 5))
     6. └─base::matrix(rnorm(1000), nrow = 100, ncol = 5)
     ── Error (test-mcmc-traces.R:4:1): (code run outside of `test_that()`) ─────────
     Error: data length differs from size of matrix: [1000 != 100 x 5]
     Backtrace:
     █
     1. ├─base::source(test_path("data-for-mcmc-tests.R")) test-mcmc-traces.R:4:0
     2. │ ├─base::withVisible(eval(ei, envir))
     3. │ └─base::eval(ei, envir)
     4. │ └─base::eval(ei, envir)
     5. ├─base::as.data.frame(matrix(rnorm(1000), nrow = 100, ncol = 5))
     6. └─base::matrix(rnorm(1000), nrow = 100, ncol = 5)
    
     [ FAIL 7 | WARN 0 | SKIP 27 | PASS 641 ]
     Error: Test failures
     Execution halted
Flavor: r-devel-linux-x86_64-fedora-clang

Version: 1.8.0
Check: tests
Result: ERROR
     Running ‘testthat.R’ [68s/80s]
    Running the tests in ‘tests/testthat.R’ failed.
    Complete output:
     > library(testthat)
     > library(bayesplot)
     This is bayesplot version 1.8.0
     - Online documentation and vignettes at mc-stan.org/bayesplot
     - bayesplot theme set to bayesplot::theme_default()
     * Does _not_ affect other ggplot2 plots
     * See ?bayesplot_theme_set for details on theme setting
     >
     > Sys.unsetenv("R_TESTS")
     > test_check("bayesplot")
     ══ Skipped tests ═══════════════════════════════════════════════════════════════
     • On CRAN (27)
    
     ══ Failed tests ════════════════════════════════════════════════════════════════
     ── Error (test-helpers-mcmc.R:4:1): (code run outside of `test_that()`) ────────
     Error: data length differs from size of matrix: [1000 != 100 x 5]
     Backtrace:
     █
     1. ├─base::source(test_path("data-for-mcmc-tests.R")) test-helpers-mcmc.R:4:0
     2. │ ├─base::withVisible(eval(ei, envir))
     3. │ └─base::eval(ei, envir)
     4. │ └─base::eval(ei, envir)
     5. ├─base::as.data.frame(matrix(rnorm(1000), nrow = 100, ncol = 5))
     6. └─base::matrix(rnorm(1000), nrow = 100, ncol = 5)
     ── Error (test-mcmc-combo.R:4:1): (code run outside of `test_that()`) ──────────
     Error: data length differs from size of matrix: [1000 != 100 x 5]
     Backtrace:
     █
     1. ├─base::source(test_path("data-for-mcmc-tests.R")) test-mcmc-combo.R:4:0
     2. │ ├─base::withVisible(eval(ei, envir))
     3. │ └─base::eval(ei, envir)
     4. │ └─base::eval(ei, envir)
     5. ├─base::as.data.frame(matrix(rnorm(1000), nrow = 100, ncol = 5))
     6. └─base::matrix(rnorm(1000), nrow = 100, ncol = 5)
     ── Error (test-mcmc-diagnostics.R:4:1): (code run outside of `test_that()`) ────
     Error: data length differs from size of matrix: [1000 != 100 x 5]
     Backtrace:
     █
     1. ├─base::source(test_path("data-for-mcmc-tests.R")) test-mcmc-diagnostics.R:4:0
     2. │ ├─base::withVisible(eval(ei, envir))
     3. │ └─base::eval(ei, envir)
     4. │ └─base::eval(ei, envir)
     5. ├─base::as.data.frame(matrix(rnorm(1000), nrow = 100, ncol = 5))
     6. └─base::matrix(rnorm(1000), nrow = 100, ncol = 5)
     ── Error (test-mcmc-distributions.R:4:1): (code run outside of `test_that()`) ──
     Error: data length differs from size of matrix: [1000 != 100 x 5]
     Backtrace:
     █
     1. ├─base::source(test_path("data-for-mcmc-tests.R")) test-mcmc-distributions.R:4:0
     2. │ ├─base::withVisible(eval(ei, envir))
     3. │ └─base::eval(ei, envir)
     4. │ └─base::eval(ei, envir)
     5. ├─base::as.data.frame(matrix(rnorm(1000), nrow = 100, ncol = 5))
     6. └─base::matrix(rnorm(1000), nrow = 100, ncol = 5)
     ── Error (test-mcmc-intervals.R:4:1): (code run outside of `test_that()`) ──────
     Error: data length differs from size of matrix: [1000 != 100 x 5]
     Backtrace:
     █
     1. ├─base::source(test_path("data-for-mcmc-tests.R")) test-mcmc-intervals.R:4:0
     2. │ ├─base::withVisible(eval(ei, envir))
     3. │ └─base::eval(ei, envir)
     4. │ └─base::eval(ei, envir)
     5. ├─base::as.data.frame(matrix(rnorm(1000), nrow = 100, ncol = 5))
     6. └─base::matrix(rnorm(1000), nrow = 100, ncol = 5)
     ── Error (test-mcmc-scatter-and-parcoord.R:4:1): (code run outside of `test_that()`) ──
     Error: data length differs from size of matrix: [1000 != 100 x 5]
     Backtrace:
     █
     1. ├─base::source(test_path("data-for-mcmc-tests.R")) test-mcmc-scatter-and-parcoord.R:4:0
     2. │ ├─base::withVisible(eval(ei, envir))
     3. │ └─base::eval(ei, envir)
     4. │ └─base::eval(ei, envir)
     5. ├─base::as.data.frame(matrix(rnorm(1000), nrow = 100, ncol = 5))
     6. └─base::matrix(rnorm(1000), nrow = 100, ncol = 5)
     ── Error (test-mcmc-traces.R:4:1): (code run outside of `test_that()`) ─────────
     Error: data length differs from size of matrix: [1000 != 100 x 5]
     Backtrace:
     █
     1. ├─base::source(test_path("data-for-mcmc-tests.R")) test-mcmc-traces.R:4:0
     2. │ ├─base::withVisible(eval(ei, envir))
     3. │ └─base::eval(ei, envir)
     4. │ └─base::eval(ei, envir)
     5. ├─base::as.data.frame(matrix(rnorm(1000), nrow = 100, ncol = 5))
     6. └─base::matrix(rnorm(1000), nrow = 100, ncol = 5)
    
     [ FAIL 7 | WARN 0 | SKIP 27 | PASS 641 ]
     Error: Test failures
     Execution halted
Flavor: r-devel-linux-x86_64-fedora-gcc

Version: 1.8.0
Check: package dependencies
Result: NOTE
    Package suggested but not available for checking: 'vdiffr'
Flavor: r-devel-windows-x86_64-gcc10-UCRT