CRAN Package Check Results for Package bayesvl

Last updated on 2021-10-20 02:49:57 CEST.

Flavor Version Tinstall Tcheck Ttotal Status Flags
r-devel-linux-x86_64-debian-clang 0.8.5 14.84 94.70 109.54 OK
r-devel-linux-x86_64-debian-gcc 0.8.5 11.66 71.09 82.75 OK
r-devel-linux-x86_64-fedora-clang 0.8.5 142.22 NOTE
r-devel-linux-x86_64-fedora-gcc 0.8.5 128.10 NOTE
r-devel-windows-x86_64 0.8.5 28.00 125.00 153.00 OK
r-devel-windows-x86_64-gcc10-UCRT 0.8.5 NOTE
r-patched-linux-x86_64 0.8.5 20.89 87.55 108.44 OK
r-patched-solaris-x86 0.8.5 201.10 NOTE
r-release-linux-x86_64 0.8.5 16.39 88.44 104.83 OK
r-release-macos-arm64 0.8.5 NOTE
r-release-macos-x86_64 0.8.5 NOTE
r-release-windows-ix86+x86_64 0.8.5 37.00 123.00 160.00 OK
r-oldrel-macos-x86_64 0.8.5 NOTE
r-oldrel-windows-ix86+x86_64 0.8.5 38.00 127.00 165.00 OK

Check Details

Version: 0.8.5
Check: dependencies in R code
Result: NOTE
    Namespace in Imports field not imported from: ‘dplyr’
     All declared Imports should be used.
Flavors: r-devel-linux-x86_64-fedora-clang, r-devel-linux-x86_64-fedora-gcc, r-devel-windows-x86_64-gcc10-UCRT, r-patched-solaris-x86, r-release-macos-arm64, r-release-macos-x86_64, r-oldrel-macos-x86_64