CRAN Package Check Results for Package bazar

Last updated on 2021-09-18 02:51:50 CEST.

Flavor Version Tinstall Tcheck Ttotal Status Flags
r-devel-linux-x86_64-debian-clang 1.0.11 3.43 31.46 34.89 NOTE --no-examples --no-tests --no-vignettes
r-devel-linux-x86_64-debian-gcc 1.0.11 2.44 24.75 27.19 NOTE --no-examples --no-tests --no-vignettes
r-devel-linux-x86_64-fedora-clang 1.0.11 54.38 NOTE
r-devel-linux-x86_64-fedora-gcc 1.0.11 42.30 NOTE
r-devel-windows-x86_64 1.0.11 4.00 46.00 50.00 NOTE
r-devel-windows-x86_64-gcc10-UCRT 1.0.11 NOTE --no-tests
r-patched-linux-x86_64 1.0.11 3.72 29.90 33.62 NOTE --no-examples --no-tests --no-vignettes
r-patched-solaris-x86 1.0.11 63.50 NOTE
r-release-linux-x86_64 1.0.11 3.34 29.87 33.21 NOTE --no-examples --no-tests --no-vignettes
r-release-macos-arm64 1.0.11 NOTE
r-release-macos-x86_64 1.0.11 NOTE
r-release-windows-ix86+x86_64 1.0.11 7.00 38.00 45.00 NOTE
r-oldrel-macos-x86_64 1.0.11 OK
r-oldrel-windows-ix86+x86_64 1.0.11 6.00 53.00 59.00 OK

Check Details

Version: 1.0.11
Flags: --no-examples --no-tests --no-vignettes
Check: LazyData
Result: NOTE
     'LazyData' is specified without a 'data' directory
Flavors: r-devel-linux-x86_64-debian-clang, r-devel-linux-x86_64-debian-gcc, r-patched-linux-x86_64, r-release-linux-x86_64

Version: 1.0.11
Check: Rd cross-references
Result: NOTE
    Undeclared package ‘formula.tools’ in Rd xrefs
Flavor: r-devel-linux-x86_64-fedora-clang

Version: 1.0.11
Check: LazyData
Result: NOTE
     'LazyData' is specified without a 'data' directory
Flavors: r-devel-linux-x86_64-fedora-clang, r-devel-linux-x86_64-fedora-gcc, r-devel-windows-x86_64, r-patched-solaris-x86, r-release-macos-arm64, r-release-macos-x86_64, r-release-windows-ix86+x86_64

Version: 1.0.11
Flags: --no-tests
Check: LazyData
Result: NOTE
     'LazyData' is specified without a 'data' directory
Flavor: r-devel-windows-x86_64-gcc10-UCRT