CRAN Package Check Results for Package bdchecks

Last updated on 2021-08-02 02:49:38 CEST.

Flavor Version Tinstall Tcheck Ttotal Status Flags
r-devel-linux-x86_64-debian-clang 0.1.7 10.81 100.06 110.87 OK
r-devel-linux-x86_64-debian-gcc 0.1.7 9.77 74.96 84.73 OK
r-devel-linux-x86_64-fedora-clang 0.1.7 142.84 NOTE
r-devel-linux-x86_64-fedora-gcc 0.1.7 130.07 NOTE
r-devel-windows-x86_64 0.1.7 22.00 138.00 160.00 OK
r-devel-windows-x86_64-gcc10-UCRT 0.1.7 NOTE
r-patched-linux-x86_64 0.1.7 OK
r-patched-solaris-x86 0.1.7 189.80 NOTE
r-release-linux-x86_64 0.1.7 10.36 92.65 103.01 OK
r-release-macos-arm64 0.1.7 NOTE
r-release-macos-x86_64 0.1.7 NOTE
r-release-windows-ix86+x86_64 0.1.7 33.00 139.00 172.00 OK
r-oldrel-macos-x86_64 0.1.7 NOTE
r-oldrel-windows-ix86+x86_64 0.1.7 35.00 138.00 173.00 OK

Check Details

Version: 0.1.7
Check: data for non-ASCII characters
Result: NOTE
     Note: found 72 marked UTF-8 strings
Flavors: r-devel-linux-x86_64-fedora-clang, r-devel-linux-x86_64-fedora-gcc, r-devel-windows-x86_64-gcc10-UCRT, r-patched-solaris-x86, r-release-macos-arm64, r-release-macos-x86_64, r-oldrel-macos-x86_64