CRAN Package Check Results for Package bdsmatrix

Last updated on 2021-09-17 02:48:44 CEST.

Flavor Version Tinstall Tcheck Ttotal Status Flags
r-devel-linux-x86_64-debian-clang 1.3-4 11.66 51.00 62.66 NOTE
r-devel-linux-x86_64-debian-gcc 1.3-4 8.45 38.06 46.51 NOTE
r-devel-linux-x86_64-fedora-clang 1.3-4 83.57 NOTE
r-devel-linux-x86_64-fedora-gcc 1.3-4 71.86 NOTE
r-devel-windows-x86_64 1.3-4 24.00 68.00 92.00 NOTE
r-devel-windows-x86_64-gcc10-UCRT 1.3-4 NOTE
r-patched-linux-x86_64 1.3-4 9.43 48.09 57.52 NOTE
r-patched-solaris-x86 1.3-4 113.80 NOTE
r-release-linux-x86_64 1.3-4 10.63 48.31 58.94 NOTE
r-release-macos-arm64 1.3-4 NOTE
r-release-macos-x86_64 1.3-4 NOTE
r-release-windows-ix86+x86_64 1.3-4 36.00 78.00 114.00 NOTE
r-oldrel-macos-x86_64 1.3-4 OK
r-oldrel-windows-ix86+x86_64 1.3-4 30.00 93.00 123.00 OK

Check Details

Version: 1.3-4
Check: LazyData
Result: NOTE
     'LazyData' is specified without a 'data' directory
Flavors: r-devel-linux-x86_64-debian-clang, r-devel-linux-x86_64-debian-gcc, r-devel-linux-x86_64-fedora-clang, r-devel-linux-x86_64-fedora-gcc, r-devel-windows-x86_64, r-devel-windows-x86_64-gcc10-UCRT, r-patched-linux-x86_64, r-patched-solaris-x86, r-release-linux-x86_64, r-release-macos-arm64, r-release-macos-x86_64, r-release-windows-ix86+x86_64