CRAN Package Check Results for Package biClassify

Last updated on 2022-01-22 02:51:10 CET.

Flavor Version Tinstall Tcheck Ttotal Status Flags
r-devel-linux-x86_64-debian-clang 1.3 35.06 87.56 122.62 OK
r-devel-linux-x86_64-debian-gcc 1.3 23.61 66.29 89.90 OK
r-devel-linux-x86_64-fedora-clang 1.3 160.22 NOTE
r-devel-linux-x86_64-fedora-gcc 1.3 146.64 NOTE
r-devel-windows-x86_64-new-UL 1.3 77.00 156.00 233.00 OK
r-devel-windows-x86_64-new-TK 1.3 NOTE
r-patched-linux-x86_64 1.3 31.44 84.07 115.51 OK
r-release-linux-x86_64 1.3 31.49 83.29 114.78 OK
r-release-macos-arm64 1.3 NOTE
r-release-macos-x86_64 1.3 NOTE
r-release-windows-ix86+x86_64 1.3 88.00 163.00 251.00 OK
r-oldrel-macos-x86_64 1.3 NOTE
r-oldrel-windows-ix86+x86_64 1.3 87.00 170.00 257.00 OK

Check Details

Version: 1.3
Check: dependencies in R code
Result: NOTE
    Namespaces in Imports field not imported from:
     ‘DAAG’ ‘datasets’ ‘expm’ ‘mvtnorm’
     All declared Imports should be used.
Flavors: r-devel-linux-x86_64-fedora-clang, r-devel-linux-x86_64-fedora-gcc, r-devel-windows-x86_64-new-TK, r-release-macos-arm64, r-release-macos-x86_64, r-oldrel-macos-x86_64