Last updated on 2022-07-01 02:54:11 CEST.
Flavor | Version | Tinstall | Tcheck | Ttotal | Status | Flags |
---|---|---|---|---|---|---|
r-devel-linux-x86_64-debian-clang | 0.2.3 | 10.02 | 175.71 | 185.73 | OK | |
r-devel-linux-x86_64-debian-gcc | 0.2.3 | 7.18 | 120.08 | 127.26 | OK | |
r-devel-linux-x86_64-fedora-clang | 0.2.3 | 214.13 | NOTE | |||
r-devel-linux-x86_64-fedora-gcc | 0.2.3 | 215.74 | NOTE | |||
r-devel-windows-x86_64 | 0.2.3 | 36.00 | 195.00 | 231.00 | OK | |
r-patched-linux-x86_64 | 0.2.3 | 10.16 | 158.87 | 169.03 | OK | |
r-release-linux-x86_64 | 0.2.3 | 10.72 | 158.34 | 169.06 | OK | |
r-release-macos-arm64 | 0.2.3 | 60.00 | NOTE | |||
r-release-macos-x86_64 | 0.2.3 | 114.00 | NOTE | |||
r-release-windows-x86_64 | 0.2.3 | 54.00 | 194.00 | 248.00 | OK | |
r-oldrel-macos-arm64 | 0.2.3 | 84.00 | NOTE | |||
r-oldrel-macos-x86_64 | 0.2.3 | 78.00 | NOTE | |||
r-oldrel-windows-ix86+x86_64 | 0.2.3 | 24.00 | 202.00 | 226.00 | OK |
Version: 0.2.3
Check: dependencies in R code
Result: NOTE
Namespace in Imports field not imported from: ‘nycflights13’
All declared Imports should be used.
Flavors: r-devel-linux-x86_64-fedora-clang, r-devel-linux-x86_64-fedora-gcc, r-release-macos-arm64, r-release-macos-x86_64, r-oldrel-macos-arm64, r-oldrel-macos-x86_64