CRAN Package Check Results for Package bigGP

Last updated on 2021-12-04 02:48:35 CET.

Flavor Version Tinstall Tcheck Ttotal Status Flags
r-devel-linux-x86_64-debian-clang 0.1-7 12.85 39.94 52.79 OK
r-devel-linux-x86_64-debian-gcc 0.1-7 8.34 32.08 40.42 OK
r-devel-linux-x86_64-fedora-clang 0.1-7 83.53 OK
r-devel-linux-x86_64-fedora-gcc 0.1-7 68.50 OK
r-patched-linux-x86_64 0.1-7 14.00 37.93 51.93 OK
r-release-linux-x86_64 0.1-7 11.32 38.12 49.44 OK
r-release-macos-arm64 0.1-7 ERROR
r-release-macos-x86_64 0.1-7 ERROR
r-oldrel-macos-x86_64 0.1-7 ERROR

Check Details

Version: 0.1-7
Check: package dependencies
Result: ERROR
    Package required but not available: ‘Rmpi’
    
    See section ‘The DESCRIPTION file’ in the ‘Writing R Extensions’
    manual.
Flavors: r-release-macos-arm64, r-release-macos-x86_64, r-oldrel-macos-x86_64