CRAN Package Check Results for Package bigSurvSGD

Last updated on 2022-06-29 02:55:05 CEST.

Flavor Version Tinstall Tcheck Ttotal Status Flags
r-devel-linux-x86_64-debian-clang 0.0.1 38.75 36.34 75.09 OK
r-devel-linux-x86_64-debian-gcc 0.0.1 32.92 28.40 61.32 OK
r-devel-linux-x86_64-fedora-clang 0.0.1 118.60 NOTE
r-devel-linux-x86_64-fedora-gcc 0.0.1 105.92 NOTE
r-devel-windows-x86_64 0.0.1 43.00 79.00 122.00 OK
r-patched-linux-x86_64 0.0.1 32.34 35.69 68.03 OK
r-release-linux-x86_64 0.0.1 32.57 35.59 68.16 OK
r-release-macos-arm64 0.0.1 33.00 NOTE
r-release-macos-x86_64 0.0.1 41.00 NOTE
r-release-windows-x86_64 0.0.1 50.00 88.00 138.00 OK
r-oldrel-macos-arm64 0.0.1 42.00 NOTE
r-oldrel-macos-x86_64 0.0.1 57.00 NOTE
r-oldrel-windows-ix86+x86_64 0.0.1 97.00 84.00 181.00 OK

Check Details

Version: 0.0.1
Check: dependencies in R code
Result: NOTE
    Namespace in Imports field not imported from: ‘survival’
     All declared Imports should be used.
Flavors: r-devel-linux-x86_64-fedora-clang, r-devel-linux-x86_64-fedora-gcc, r-release-macos-arm64, r-release-macos-x86_64, r-oldrel-macos-arm64, r-oldrel-macos-x86_64