CRAN Package Check Results for Package bigsnpr

Last updated on 2022-01-22 02:51:10 CET.

Flavor Version Tinstall Tcheck Ttotal Status Flags
r-devel-linux-x86_64-debian-clang 1.8.1 245.57 258.18 503.75 OK
r-devel-linux-x86_64-debian-gcc 1.8.1 155.16 201.82 356.98 OK
r-devel-linux-x86_64-fedora-clang 1.8.1 669.94 NOTE
r-devel-linux-x86_64-fedora-gcc 1.8.1 609.69 OK
r-devel-windows-x86_64-new-UL 1.8.1 268.00 318.00 586.00 OK
r-devel-windows-x86_64-new-TK 1.8.1 OK
r-patched-linux-x86_64 1.8.1 166.43 239.09 405.52 OK
r-release-linux-x86_64 1.8.1 164.04 239.11 403.15 OK
r-release-macos-arm64 1.8.1 NOTE
r-release-macos-x86_64 1.8.1 NOTE
r-release-windows-ix86+x86_64 1.8.1 518.00 8.00 526.00 ERROR
r-oldrel-macos-x86_64 1.8.1 NOTE
r-oldrel-windows-ix86+x86_64 1.8.1 638.00 502.00 1140.00 OK

Check Details

Version: 1.8.1
Check: installed package size
Result: NOTE
     installed size is 8.5Mb
     sub-directories of 1Mb or more:
     libs 6.7Mb
Flavors: r-devel-linux-x86_64-fedora-clang, r-release-macos-arm64, r-release-macos-x86_64, r-oldrel-macos-x86_64

Version: 1.8.1
Check: whether package can be installed
Result: ERROR
    Installation failed.
Flavor: r-release-windows-ix86+x86_64