CRAN Package Check Results for Package bigtabulate

Last updated on 2021-12-04 02:48:36 CET.

Flavor Version Tinstall Tcheck Ttotal Status Flags
r-devel-linux-x86_64-debian-clang 1.1.5 24.78 35.02 59.80 OK
r-devel-linux-x86_64-debian-gcc 1.1.5 16.04 27.98 44.02 OK
r-devel-linux-x86_64-fedora-clang 1.1.5 92.82 NOTE
r-devel-linux-x86_64-fedora-gcc 1.1.5 75.77 NOTE
r-devel-windows-x86_64-new-UL 1.1.5 35.00 98.00 133.00 OK
r-devel-windows-x86_64-new-TK 1.1.5 OK
r-devel-windows-x86_64-old 1.1.5 30.00 51.00 81.00 OK
r-patched-linux-x86_64 1.1.5 20.58 34.18 54.76 OK
r-release-linux-x86_64 1.1.5 20.84 33.94 54.78 OK
r-release-macos-arm64 1.1.5 OK
r-release-macos-x86_64 1.1.5 OK
r-release-windows-ix86+x86_64 1.1.5 56.00 80.00 136.00 OK
r-oldrel-macos-x86_64 1.1.5 OK
r-oldrel-windows-ix86+x86_64 1.1.5 56.00 83.00 139.00 OK

Additional issues

rchk

Check Details

Version: 1.1.5
Check: top-level files
Result: NOTE
     possible bashism in configure line 13 (echo -n):
     echo -n " checking for Sun Studio compiler..."
     possible bashism in configure line 23 (echo -n):
     echo -n " checking for OS..."
Flavors: r-devel-linux-x86_64-fedora-clang, r-devel-linux-x86_64-fedora-gcc

Version: 1.1.5
Check: compiled code
Result: NOTE
    File ‘bigtabulate/libs/bigtabulate.so’:
     Found no calls to: ‘R_registerRoutines’, ‘R_useDynamicSymbols’
    
    It is good practice to register native routines and to disable symbol
    search.
    
    See ‘Writing portable packages’ in the ‘Writing R Extensions’ manual.
Flavors: r-devel-linux-x86_64-fedora-clang, r-devel-linux-x86_64-fedora-gcc