CRAN Package Check Results for Package binaryGP

Last updated on 2022-10-03 03:54:57 CEST.

Flavor Version Tinstall Tcheck Ttotal Status Flags
r-devel-linux-x86_64-debian-clang 0.2 48.79 40.24 89.03 NOTE
r-devel-linux-x86_64-debian-gcc 0.2 37.57 30.20 67.77 NOTE
r-devel-linux-x86_64-fedora-clang 0.2 134.75 NOTE
r-devel-linux-x86_64-fedora-gcc 0.2 124.59 NOTE
r-devel-windows-x86_64 0.2 45.00 86.00 131.00 NOTE
r-patched-linux-x86_64 0.2 38.91 37.61 76.52 NOTE
r-release-linux-x86_64 0.2 31.16 37.24 68.40 NOTE
r-release-macos-arm64 0.2 34.00 NOTE
r-release-macos-x86_64 0.2 52.00 NOTE
r-release-windows-x86_64 0.2 55.00 83.00 138.00 NOTE
r-oldrel-macos-arm64 0.2 37.00 NOTE
r-oldrel-macos-x86_64 0.2 61.00 NOTE
r-oldrel-windows-ix86+x86_64 0.2 124.00 90.00 214.00 NOTE

Check Details

Version: 0.2
Check: LazyData
Result: NOTE
     'LazyData' is specified without a 'data' directory
Flavors: r-devel-linux-x86_64-debian-clang, r-devel-linux-x86_64-debian-gcc, r-devel-linux-x86_64-fedora-clang, r-devel-linux-x86_64-fedora-gcc, r-devel-windows-x86_64, r-patched-linux-x86_64, r-release-linux-x86_64, r-release-macos-arm64, r-release-macos-x86_64, r-release-windows-x86_64, r-oldrel-macos-arm64, r-oldrel-macos-x86_64, r-oldrel-windows-ix86+x86_64