CRAN Package Check Results for Package bindrcpp

Last updated on 2021-09-22 02:49:05 CEST.

Flavor Version Tinstall Tcheck Ttotal Status Flags
r-devel-linux-x86_64-debian-clang 0.2.2 34.98 26.66 61.64 NOTE
r-devel-linux-x86_64-debian-gcc 0.2.2 20.75 21.32 42.07 NOTE
r-devel-linux-x86_64-fedora-clang 0.2.2 89.60 NOTE
r-devel-linux-x86_64-fedora-gcc 0.2.2 72.07 NOTE
r-devel-windows-x86_64 0.2.2 28.00 41.00 69.00 NOTE
r-devel-windows-x86_64-gcc10-UCRT 0.2.2 ERROR
r-patched-linux-x86_64 0.2.2 24.12 25.79 49.91 NOTE
r-patched-solaris-x86 0.2.2 83.40 NOTE
r-release-linux-x86_64 0.2.2 27.38 26.23 53.61 NOTE
r-release-macos-arm64 0.2.2 NOTE
r-release-macos-x86_64 0.2.2 NOTE
r-release-windows-ix86+x86_64 0.2.2 79.00 67.00 146.00 NOTE
r-oldrel-macos-x86_64 0.2.2 OK
r-oldrel-windows-ix86+x86_64 0.2.2 72.00 57.00 129.00 OK

Check Details

Version: 0.2.2
Check: LazyData
Result: NOTE
     'LazyData' is specified without a 'data' directory
Flavors: r-devel-linux-x86_64-debian-clang, r-devel-linux-x86_64-debian-gcc, r-devel-linux-x86_64-fedora-clang, r-devel-linux-x86_64-fedora-gcc, r-devel-windows-x86_64, r-patched-linux-x86_64, r-patched-solaris-x86, r-release-linux-x86_64, r-release-macos-arm64, r-release-macos-x86_64, r-release-windows-ix86+x86_64

Version: 0.2.2
Check: whether package can be installed
Result: ERROR
    Installation failed.
Flavor: r-devel-windows-x86_64-gcc10-UCRT