CRAN Package Check Results for Package biolink

Last updated on 2022-01-29 02:49:41 CET.

Flavor Version Tinstall Tcheck Ttotal Status Flags
r-devel-linux-x86_64-debian-clang 0.1.7 4.11 58.32 62.43 NOTE
r-devel-linux-x86_64-debian-gcc 0.1.7 3.99 43.93 47.92 NOTE
r-devel-linux-x86_64-fedora-clang 0.1.7 68.27 NOTE
r-devel-linux-x86_64-fedora-gcc 0.1.7 58.65 NOTE
r-devel-windows-x86_64-new-UL 0.1.7 29.00 75.00 104.00 NOTE
r-devel-windows-x86_64-new-TK 0.1.7 NOTE
r-patched-linux-x86_64 0.1.7 3.21 49.71 52.92 NOTE
r-release-linux-x86_64 0.1.7 3.82 48.80 52.62 NOTE
r-release-macos-arm64 0.1.7 NOTE
r-release-macos-x86_64 0.1.7 NOTE
r-release-windows-ix86+x86_64 0.1.7 15.00 65.00 80.00 NOTE
r-oldrel-macos-x86_64 0.1.7 OK
r-oldrel-windows-ix86+x86_64 0.1.7 14.00 63.00 77.00 OK

Check Details

Version: 0.1.7
Check: LazyData
Result: NOTE
     'LazyData' is specified without a 'data' directory
Flavors: r-devel-linux-x86_64-debian-clang, r-devel-linux-x86_64-debian-gcc, r-devel-linux-x86_64-fedora-clang, r-devel-linux-x86_64-fedora-gcc, r-devel-windows-x86_64-new-UL, r-devel-windows-x86_64-new-TK, r-patched-linux-x86_64, r-release-linux-x86_64, r-release-macos-arm64, r-release-macos-x86_64, r-release-windows-ix86+x86_64