CRAN Package Check Results for Package biosensors.usc

Last updated on 2022-12-01 04:00:27 CET.

Flavor Version Tinstall Tcheck Ttotal Status Flags
r-devel-linux-x86_64-debian-clang 1.0 45.39 123.13 168.52 OK
r-devel-linux-x86_64-debian-gcc 1.0 37.04 94.63 131.67 OK
r-devel-linux-x86_64-fedora-clang 1.0 244.95 NOTE
r-devel-linux-x86_64-fedora-gcc 1.0 221.25 NOTE
r-devel-windows-x86_64 1.0 79.00 175.00 254.00 NOTE
r-patched-linux-x86_64 1.0 43.12 116.63 159.75 OK
r-release-linux-x86_64 1.0 36.85 117.94 154.79 OK
r-release-macos-arm64 1.0 67.00 NOTE
r-release-macos-x86_64 1.0 93.00 NOTE
r-release-windows-x86_64 1.0 57.00 178.00 235.00 NOTE
r-oldrel-macos-arm64 1.0 73.00 NOTE
r-oldrel-macos-x86_64 1.0 82.00 NOTE
r-oldrel-windows-ix86+x86_64 1.0 112.00 215.00 327.00 NOTE

Check Details

Version: 1.0
Check: installed package size
Result: NOTE
     installed size is 5.8Mb
     sub-directories of 1Mb or more:
     extdata 4.8Mb
Flavors: r-devel-linux-x86_64-fedora-clang, r-devel-windows-x86_64, r-release-macos-arm64, r-release-macos-x86_64, r-release-windows-x86_64, r-oldrel-macos-arm64, r-oldrel-macos-x86_64, r-oldrel-windows-ix86+x86_64

Version: 1.0
Check: dependencies in R code
Result: NOTE
    Namespace in Imports field not imported from: ‘Rcpp’
     All declared Imports should be used.
Flavors: r-devel-linux-x86_64-fedora-clang, r-devel-linux-x86_64-fedora-gcc, r-release-macos-arm64, r-release-macos-x86_64, r-oldrel-macos-arm64, r-oldrel-macos-x86_64