CRAN Package Check Results for Package biotools

Last updated on 2021-11-29 02:48:24 CET.

Flavor Version Tinstall Tcheck Ttotal Status Flags
r-devel-linux-x86_64-debian-clang 4.2 NOTE
r-devel-linux-x86_64-debian-gcc 4.2 3.79 44.70 48.49 NOTE
r-devel-linux-x86_64-fedora-clang 4.2 90.21 NOTE
r-devel-linux-x86_64-fedora-gcc 4.2 76.64 NOTE
r-devel-windows-x86_64-new-UL 4.2 13.00 108.00 121.00 NOTE
r-devel-windows-x86_64-new-TK 4.2 NOTE
r-devel-windows-x86_64-old 4.2 7.00 85.00 92.00 OK
r-patched-linux-x86_64 4.2 5.01 56.43 61.44 NOTE
r-patched-solaris-x86 4.2 100.90 NOTE
r-release-linux-x86_64 4.2 3.98 56.47 60.45 NOTE
r-release-macos-arm64 4.2 NOTE
r-release-macos-x86_64 4.2 NOTE
r-release-windows-ix86+x86_64 4.2 9.00 83.00 92.00 OK
r-oldrel-macos-x86_64 4.2 NOTE
r-oldrel-windows-ix86+x86_64 4.2 7.00 84.00 91.00 OK

Check Details

Version: 4.2
Check: package dependencies
Result: NOTE
    Package suggested but not available for checking: 'soilphysics'
Flavors: r-devel-linux-x86_64-debian-clang, r-devel-linux-x86_64-debian-gcc, r-devel-linux-x86_64-fedora-clang, r-devel-linux-x86_64-fedora-gcc, r-devel-windows-x86_64-new-UL, r-devel-windows-x86_64-new-TK, r-patched-linux-x86_64, r-patched-solaris-x86, r-release-linux-x86_64

Version: 4.2
Check: package dependencies
Result: NOTE
    Package suggested but not available for checking: ‘rpanel’
Flavors: r-release-macos-arm64, r-release-macos-x86_64

Version: 4.2
Check: package dependencies
Result: NOTE
    Packages suggested but not available for checking: 'soilphysics', 'rpanel'
Flavor: r-oldrel-macos-x86_64