CRAN Package Check Results for Package bit

Last updated on 2021-11-30 02:50:53 CET.

Flavor Version Tinstall Tcheck Ttotal Status Flags
r-devel-linux-x86_64-debian-clang 4.0.4 14.71 244.89 259.60 OK
r-devel-linux-x86_64-debian-gcc 4.0.4 10.16 147.55 157.71 OK
r-devel-linux-x86_64-fedora-clang 4.0.4 253.70 OK
r-devel-linux-x86_64-fedora-gcc 4.0.4 241.25 OK
r-devel-windows-x86_64-new-UL 4.0.4 42.00 346.00 388.00 OK
r-devel-windows-x86_64-new-TK 4.0.4 OK
r-devel-windows-x86_64-old 4.0.4 23.00 453.00 476.00 OK
r-patched-linux-x86_64 4.0.4 13.50 242.51 256.01 OK
r-patched-solaris-x86 4.0.4 168.10 OK
r-release-linux-x86_64 4.0.4 12.01 238.04 250.05 OK
r-release-macos-arm64 4.0.4 OK
r-release-macos-x86_64 4.0.4 WARN
r-release-windows-ix86+x86_64 4.0.4 33.00 569.00 602.00 OK
r-oldrel-macos-x86_64 4.0.4 OK
r-oldrel-windows-ix86+x86_64 4.0.4 29.00 517.00 546.00 OK

Additional issues

rchk

Check Details

Version: 4.0.4
Check: re-building of vignette outputs
Result: WARN
    Error(s) in re-building vignettes:
    --- re-building ‘bit-demo.Rmd’ using rmarkdown
    Warning in engine$weave(file, quiet = quiet, encoding = enc) :
     Pandoc (>= 1.12.3) not available. Falling back to R Markdown v1.
    Loading required package: bit
    
    Attaching package: 'bit'
    
    The following object is masked from 'package:base':
    
     xor
    
    Loading required package: ff
    Attaching package ff
    - getOption("fftempdir")=="/tmp/Rtmp0c3jS4/ff"
    
    - getOption("ffextension")=="ff"
    
    - getOption("ffdrop")==TRUE
    
    - getOption("fffinonexit")==TRUE
    
    - getOption("ffpagesize")==65536
    
    - getOption("ffcaching")=="mmnoflush" -- consider "ffeachflush" if your system stalls on large writes
    
    - getOption("ffbatchbytes")==16777216 -- consider a different value for tuning your system
    
    - getOption("ffmaxbytes")==536870912 -- consider a different value for tuning your system
    
    
    Attaching package: 'ff'
    
    The following objects are masked from 'package:utils':
    
     write.csv, write.csv2
    
    The following objects are masked from 'package:base':
    
     is.factor, is.ordered
    
    --- finished re-building ‘bit-demo.Rmd’
    
    --- re-building ‘bit-performance.Rmd’ using rmarkdown
    Warning in engine$weave(file, quiet = quiet, encoding = enc) :
     Pandoc (>= 1.12.3) not available. Falling back to R Markdown v1.
    Loading required package: bit
    
    Attaching package: 'bit'
    
    The following object is masked from 'package:base':
    
     xor
    
    Loading required package: microbenchmark
    --- finished re-building ‘bit-performance.Rmd’
    
    --- re-building ‘bit-usage.Rmd’ using rmarkdown
    Warning in engine$weave(file, quiet = quiet, encoding = enc) :
     Pandoc (>= 1.12.3) not available. Falling back to R Markdown v1.
    Error: processing vignette 'bit-usage.Rmd' failed with diagnostics:
    there is no package called 'stringi'
    --- failed re-building ‘bit-usage.Rmd’
    
    SUMMARY: processing the following file failed:
     ‘bit-usage.Rmd’
    
    Error: Vignette re-building failed.
    Execution halted
Flavor: r-release-macos-x86_64