CRAN Package Check Results for Package bkmrhat

Last updated on 2022-10-04 02:54:35 CEST.

Flavor Version Tinstall Tcheck Ttotal Status Flags
r-devel-linux-x86_64-debian-clang 1.1.3 18.54 282.91 301.45 OK
r-devel-linux-x86_64-debian-gcc 1.1.3 13.98 203.37 217.35 OK
r-devel-linux-x86_64-fedora-clang 1.1.3 376.99 OK
r-devel-linux-x86_64-fedora-gcc 1.1.3 364.13 OK
r-devel-windows-x86_64 1.1.3 25.00 362.00 387.00 OK
r-patched-linux-x86_64 1.1.3 13.07 262.40 275.47 OK
r-release-linux-x86_64 1.1.3 15.78 264.97 280.75 OK
r-release-macos-arm64 1.1.3 120.00 OK
r-release-macos-x86_64 1.1.3 186.00 OK
r-release-windows-x86_64 1.1.3 26.00 332.00 358.00 FAIL
r-oldrel-macos-arm64 1.1.3 89.00 OK
r-oldrel-macos-x86_64 1.1.3 141.00 OK
r-oldrel-windows-ix86+x86_64 1.1.3 38.00 353.00 391.00 OK

Check Details

Version: 1.1.3
Check: re-building of vignette outputs
Result: FAIL
Flavor: r-release-windows-x86_64