CRAN Package Check Results for Package blatent

Last updated on 2021-07-24 02:48:26 CEST.

Flavor Version Tinstall Tcheck Ttotal Status Flags
r-devel-linux-x86_64-debian-clang 0.1.1 128.11 44.74 172.85 NOTE
r-devel-linux-x86_64-debian-gcc 0.1.1 87.50 34.60 122.10 NOTE
r-devel-linux-x86_64-fedora-clang 0.1.1 254.18 NOTE
r-devel-linux-x86_64-fedora-gcc 0.1.1 223.19 NOTE
r-devel-windows-x86_64 0.1.1 110.00 57.00 167.00 NOTE
r-devel-windows-x86_64-gcc10-UCRT 0.1.1 NOTE
r-patched-linux-x86_64 0.1.1 107.12 42.39 149.51 NOTE
r-patched-solaris-x86 0.1.1 213.60 NOTE
r-release-linux-x86_64 0.1.1 101.24 42.87 144.11 NOTE
r-release-macos-arm64 0.1.1 NOTE
r-release-macos-x86_64 0.1.1 NOTE
r-release-windows-ix86+x86_64 0.1.1 299.00 92.00 391.00 NOTE
r-oldrel-macos-x86_64 0.1.1 OK
r-oldrel-windows-ix86+x86_64 0.1.1 301.00 86.00 387.00 OK

Check Details

Version: 0.1.1
Check: LazyData
Result: NOTE
     'LazyData' is specified without a 'data' directory
Flavors: r-devel-linux-x86_64-debian-clang, r-devel-linux-x86_64-debian-gcc, r-devel-linux-x86_64-fedora-clang, r-devel-linux-x86_64-fedora-gcc, r-devel-windows-x86_64, r-devel-windows-x86_64-gcc10-UCRT, r-patched-linux-x86_64, r-patched-solaris-x86, r-release-linux-x86_64, r-release-macos-arm64, r-release-macos-x86_64, r-release-windows-ix86+x86_64

Version: 0.1.1
Check: installed package size
Result: NOTE
     installed size is 5.6Mb
     sub-directories of 1Mb or more:
     libs 5.1Mb
Flavor: r-release-macos-arm64