CRAN Package Check Results for Package bootGOF

Last updated on 2021-10-23 01:48:54 CEST.

Flavor Version Tinstall Tcheck Ttotal Status Flags
r-devel-linux-x86_64-debian-clang 0.1.0 13.43 36.54 49.97 OK
r-devel-linux-x86_64-debian-gcc 0.1.0 10.96 28.72 39.68 OK
r-devel-linux-x86_64-fedora-clang 0.1.0 71.84 NOTE
r-devel-linux-x86_64-fedora-gcc 0.1.0 61.88 NOTE
r-devel-windows-x86_64 0.1.0 19.00 60.00 79.00 OK
r-devel-windows-x86_64-gcc10-UCRT 0.1.0 NOTE
r-patched-linux-x86_64 0.1.0 10.51 36.71 47.22 OK
r-patched-solaris-x86 0.1.0 75.90 NOTE
r-release-linux-x86_64 0.1.0 10.39 37.01 47.40 OK
r-release-macos-arm64 0.1.0 NOTE
r-release-macos-x86_64 0.1.0 NOTE
r-release-windows-ix86+x86_64 0.1.0 14.00 58.00 72.00 OK
r-oldrel-macos-x86_64 0.1.0 NOTE
r-oldrel-windows-ix86+x86_64 0.1.0 20.00 56.00 76.00 OK

Check Details

Version: 0.1.0
Check: dependencies in R code
Result: NOTE
    Namespace in Imports field not imported from: ‘R6’
     All declared Imports should be used.
Flavors: r-devel-linux-x86_64-fedora-clang, r-devel-linux-x86_64-fedora-gcc, r-devel-windows-x86_64-gcc10-UCRT, r-patched-solaris-x86, r-release-macos-arm64, r-release-macos-x86_64, r-oldrel-macos-x86_64